{"id":96,"date":"2015-08-15T00:00:46","date_gmt":"2015-08-14T23:00:46","guid":{"rendered":"https:\/\/institutionnel.cceaf.fr\/?page_id=96"},"modified":"2023-11-28T15:28:38","modified_gmt":"2023-11-28T14:28:38","slug":"larbre-de-noel","status":"publish","type":"page","link":"https:\/\/www.csecaf.fr\/?page_id=96","title":{"rendered":"L&rsquo;Arbre de No\u00ebl"},"content":{"rendered":"<p><strong>Rendez-vous incontournable \u00e0 l\u2019approche des f\u00eates, certains CSEE et le CSEC organisent \u00ab\u00a0l\u2019Arbre de No\u00ebl\u00a0\u00bb, un \u00e9v\u00e9nement attendu chaque ann\u00e9e avec impatience par les agents Air France et leurs enfants, de Paris et de province. Au programme, spectacles, distribution de jouets et surtout f\u00e9erie de No\u00ebl\u2026\u00a0<\/strong><\/p>\n<h4><strong>Un peu d&rsquo;histoire<\/strong><\/h4>\n<p>D\u00e8s sa cr\u00e9ation en 1946, le CSEC a toujours port\u00e9 une attention particuli\u00e8re \u00e0 l\u2019organisation de \u00ab\u00a0l\u2019Arbre de No\u00ebl\u00a0\u00bb. Partant du principe que les enfants de la banlieue parisienne n\u2019avaient pas souvent l\u2019occasion d\u2019assister \u00e0 un spectacle capable d\u2019insuffler un caract\u00e8re f\u00e9erique \u00e0 la distribution des jouets, le comit\u00e9 social et \u00e9conomique l\u2019a agr\u00e9ment\u00e9e d\u2019un spectacle. Dans les provinces, chaque antenne organisait son Arbre de No\u00ebl comme elle l\u2019entendait. Pour la r\u00e9gion parisienne, jusqu\u2019en 1955, la matin\u00e9e se d\u00e9roulait \u00e0 la salle Wagram avec un spectacle de music-hall, des sayn\u00e8tes et un orchestre repr\u00e9sent\u00e9 par le groupe \u00ab\u00a0Jazz Orchestre\u00a0\u00bb avaient lieu pour le plus grand bonheur de tous.<\/p>\n<p style=\"text-align: center;\"><a href=\"https:\/\/institutionnel.cceaf.fr\/wp-content\/uploads\/ACTIONS\/ADN\/Unknown.jpeg\"><img decoding=\"async\" loading=\"lazy\" class=\"alignnone wp-image-2412 size-medium\" src=\"https:\/\/institutionnel.cceaf.fr\/wp-content\/uploads\/ACTIONS\/ADN\/Unknown-300x176.jpeg\" alt=\"Arbre de No\u00ebl Cr\u00e9ation\" width=\"300\" height=\"176\" srcset=\"\/wp-content\/uploads\/ACTIONS\/ADN\/Unknown-300x176.jpeg 300w, \/wp-content\/uploads\/ACTIONS\/ADN\/Unknown-1024x600.jpeg 1024w\" sizes=\"(max-width: 300px) 100vw, 300px\" \/><\/a> <a href=\"https:\/\/institutionnel.cceaf.fr\/wp-content\/uploads\/ACTIONS\/ADN\/Unknown-1.jpeg\"><img decoding=\"async\" loading=\"lazy\" class=\"alignnone wp-image-2411 size-medium\" src=\"https:\/\/institutionnel.cceaf.fr\/wp-content\/uploads\/ACTIONS\/ADN\/Unknown-1-300x176.jpeg\" alt=\"Arbre de No\u00ebl Cr\u00e9ation 2\" width=\"300\" height=\"176\" srcset=\"\/wp-content\/uploads\/ACTIONS\/ADN\/Unknown-1-300x176.jpeg 300w, \/wp-content\/uploads\/ACTIONS\/ADN\/Unknown-1-1024x600.jpeg 1024w\" sizes=\"(max-width: 300px) 100vw, 300px\" \/><\/a><\/p>\n<p>D\u00e8s 1956, le nombre de b\u00e9n\u00e9ficiaires passe du simple au double. 14 000 enfants sont d\u00e9sormais inscrits \u00e0 travers toute la France. Le CSEC d\u00e9cide alors de s\u2019allier \u00e0 d\u2019autres comit\u00e9s sociaux et \u00e9conomiques de la r\u00e9gion parisienne tels que Renault, la RATP et Gaz de France. Cette ann\u00e9e-l\u00e0 et pour la premi\u00e8re fois, le cirque Bouglione assure le spectacle au parc des expositions de la porte de Versailles. Ce sera le d\u00e9but d\u2019une longue et belle histoire entre le CSEC et la grande famille du cirque.<\/p>\n<p style=\"text-align: center;\">\u00a0<a href=\"https:\/\/institutionnel.cceaf.fr\/wp-content\/uploads\/ACTIONS\/ADN\/DSC_0037-2.jpg\"><img decoding=\"async\" loading=\"lazy\" class=\"alignnone wp-image-2413 size-medium\" src=\"https:\/\/institutionnel.cceaf.fr\/wp-content\/uploads\/ACTIONS\/ADN\/DSC_0037-2-300x200.jpg\" alt=\"Arbre de No\u00ebl 2\" width=\"300\" height=\"200\" srcset=\"\/wp-content\/uploads\/ACTIONS\/ADN\/DSC_0037-2-300x200.jpg 300w, \/wp-content\/uploads\/ACTIONS\/ADN\/DSC_0037-2-1024x683.jpg 1024w\" sizes=\"(max-width: 300px) 100vw, 300px\" \/><\/a> <a href=\"https:\/\/institutionnel.cceaf.fr\/wp-content\/uploads\/ACTIONS\/ADN\/DSC_0296-2.jpg\"><img decoding=\"async\" loading=\"lazy\" class=\"alignnone wp-image-2414 size-medium\" src=\"https:\/\/institutionnel.cceaf.fr\/wp-content\/uploads\/ACTIONS\/ADN\/DSC_0296-2-300x200.jpg\" alt=\"Arbre de No\u00ebl 1\" width=\"300\" height=\"200\" srcset=\"\/wp-content\/uploads\/ACTIONS\/ADN\/DSC_0296-2-300x200.jpg 300w, \/wp-content\/uploads\/ACTIONS\/ADN\/DSC_0296-2-1024x683.jpg 1024w\" sizes=\"(max-width: 300px) 100vw, 300px\" \/><\/a><\/p>\n","protected":false},"excerpt":{"rendered":"<p>Rendez-vous incontournable \u00e0 l\u2019approche des f\u00eates, certains CSEE et le CSEC organisent \u00ab\u00a0l\u2019Arbre de No\u00ebl\u00a0\u00bb, un \u00e9v\u00e9nement attendu chaque ann\u00e9e avec impatience par les agents Air France et leurs enfants, de Paris et de province. Au programme, spectacles, distribution de jouets et surtout f\u00e9erie de No\u00ebl\u2026\u00a0 Un peu d&rsquo;histoire D\u00e8s sa cr\u00e9ation en 1946, le &hellip;<\/p>\n","protected":false},"author":9,"featured_media":2390,"parent":0,"menu_order":0,"comment_status":"closed","ping_status":"closed","template":"","meta":{"footnotes":""},"_links":{"self":[{"href":"https:\/\/www.csecaf.fr\/index.php?rest_route=\/wp\/v2\/pages\/96"}],"collection":[{"href":"https:\/\/www.csecaf.fr\/index.php?rest_route=\/wp\/v2\/pages"}],"about":[{"href":"https:\/\/www.csecaf.fr\/index.php?rest_route=\/wp\/v2\/types\/page"}],"author":[{"embeddable":true,"href":"https:\/\/www.csecaf.fr\/index.php?rest_route=\/wp\/v2\/users\/9"}],"replies":[{"embeddable":true,"href":"https:\/\/www.csecaf.fr\/index.php?rest_route=%2Fwp%2Fv2%2Fcomments&post=96"}],"version-history":[{"count":16,"href":"https:\/\/www.csecaf.fr\/index.php?rest_route=\/wp\/v2\/pages\/96\/revisions"}],"predecessor-version":[{"id":5095,"href":"https:\/\/www.csecaf.fr\/index.php?rest_route=\/wp\/v2\/pages\/96\/revisions\/5095"}],"wp:featuredmedia":[{"embeddable":true,"href":"https:\/\/www.csecaf.fr\/index.php?rest_route=\/wp\/v2\/media\/2390"}],"wp:attachment":[{"href":"https:\/\/www.csecaf.fr\/index.php?rest_route=%2Fwp%2Fv2%2Fmedia&parent=96"}],"curies":[{"name":"wp","href":"https:\/\/api.w.org\/{rel}","templated":true}]}}

L&rsquo;Arbre de Noël

<p><strong>Rendez-vous incontournable à l’approche des fêtes, certains CSEE et le CSEC organisent « l’Arbre de Noël », un événement attendu chaque année avec impatience par les agents Air France et leurs enfants, de Paris et de province. Au programme, spectacles, distribution de jouets et surtout féerie de Noël… </strong></p>
<h4><strong>Un peu d&rsquo;histoire</strong></h4>
<p>Dès sa création en 1946, le CSEC a toujours porté une attention particulière à l’organisation de « l’Arbre de Noël ». Partant du principe que les enfants de la banlieue parisienne n’avaient pas souvent l’occasion d’assister à un spectacle capable d’insuffler un caractère féerique à la distribution des jouets, le comité social et économique l’a agrémentée d’un spectacle. Dans les provinces, chaque antenne organisait son Arbre de Noël comme elle l’entendait. Pour la région parisienne, jusqu’en 1955, la matinée se déroulait à la salle Wagram avec un spectacle de music-hall, des saynètes et un orchestre représenté par le groupe « Jazz Orchestre » avaient lieu pour le plus grand bonheur de tous.</p>
<p style="text-align: center;"><a href="https://institutionnel.cceaf.fr/wp-content/uploads/ACTIONS/ADN/Unknown.jpeg"><img decoding="async" loading="lazy" class="alignnone wp-image-2412 size-medium" src="https://institutionnel.cceaf.fr/wp-content/uploads/ACTIONS/ADN/Unknown-300x176.jpeg" alt="Arbre de Noël Création" width="300" height="176" srcset="/wp-content/uploads/ACTIONS/ADN/Unknown-300x176.jpeg 300w, /wp-content/uploads/ACTIONS/ADN/Unknown-1024x600.jpeg 1024w" sizes="(max-width: 300px) 100vw, 300px" /></a> <a href="https://institutionnel.cceaf.fr/wp-content/uploads/ACTIONS/ADN/Unknown-1.jpeg"><img decoding="async" loading="lazy" class="alignnone wp-image-2411 size-medium" src="https://institutionnel.cceaf.fr/wp-content/uploads/ACTIONS/ADN/Unknown-1-300x176.jpeg" alt="Arbre de Noël Création 2" width="300" height="176" srcset="/wp-content/uploads/ACTIONS/ADN/Unknown-1-300x176.jpeg 300w, /wp-content/uploads/ACTIONS/ADN/Unknown-1-1024x600.jpeg 1024w" sizes="(max-width: 300px) 100vw, 300px" /></a></p>
<p>Dès 1956, le nombre de bénéficiaires passe du simple au double. 14 000 enfants sont désormais inscrits à travers toute la France. Le CSEC décide alors de s’allier à d’autres comités sociaux et économiques de la région parisienne tels que Renault, la RATP et Gaz de France. Cette année-là et pour la première fois, le cirque Bouglione assure le spectacle au parc des expositions de la porte de Versailles. Ce sera le début d’une longue et belle histoire entre le CSEC et la grande famille du cirque.</p>
<p style="text-align: center;"> <a href="https://institutionnel.cceaf.fr/wp-content/uploads/ACTIONS/ADN/DSC_0037-2.jpg"><img decoding="async" loading="lazy" class="alignnone wp-image-2413 size-medium" src="https://institutionnel.cceaf.fr/wp-content/uploads/ACTIONS/ADN/DSC_0037-2-300x200.jpg" alt="Arbre de Noël 2" width="300" height="200" srcset="/wp-content/uploads/ACTIONS/ADN/DSC_0037-2-300x200.jpg 300w, /wp-content/uploads/ACTIONS/ADN/DSC_0037-2-1024x683.jpg 1024w" sizes="(max-width: 300px) 100vw, 300px" /></a> <a href="https://institutionnel.cceaf.fr/wp-content/uploads/ACTIONS/ADN/DSC_0296-2.jpg"><img decoding="async" loading="lazy" class="alignnone wp-image-2414 size-medium" src="https://institutionnel.cceaf.fr/wp-content/uploads/ACTIONS/ADN/DSC_0296-2-300x200.jpg" alt="Arbre de Noël 1" width="300" height="200" srcset="/wp-content/uploads/ACTIONS/ADN/DSC_0296-2-300x200.jpg 300w, /wp-content/uploads/ACTIONS/ADN/DSC_0296-2-1024x683.jpg 1024w" sizes="(max-width: 300px) 100vw, 300px" /></a></p>

<p>Rendez-vous incontournable à l’approche des fêtes, certains CSEE et le CSEC organisent « l’Arbre de Noël », un événement attendu chaque année avec impatience par les agents Air France et leurs enfants, de Paris et de province. Au programme, spectacles, distribution de jouets et surtout féerie de Noël…  Un peu d&rsquo;histoire Dès sa création en 1946, le &hellip;</p>
