{"id":74,"date":"2015-08-15T00:00:19","date_gmt":"2015-08-14T23:00:19","guid":{"rendered":"https:\/\/institutionnel.cceaf.fr\/?page_id=74"},"modified":"2026-03-24T16:11:56","modified_gmt":"2026-03-24T15:11:56","slug":"les-commissions","status":"publish","type":"page","link":"https:\/\/www.csecaf.fr\/?page_id=74","title":{"rendered":"Commissions"},"content":{"rendered":"<h4><strong>Leurs r\u00f4les<\/strong><\/h4>\n<p>Les commissions centrales constituent l&rsquo;appareil d&rsquo;\u00e9tude, de coordination et de contr\u00f4le du CSE Central. Le r\u00f4le de chacune d&rsquo;elles est consultatif.<\/p>\n<ul>\n<li><strong>La commission sant\u00e9, s\u00e9curit\u00e9 et condition de travail<\/strong> (CSSCT) au niveau central est pr\u00e9sid\u00e9e par l&#8217;employeur, le secr\u00e9taire adjoint du CSE Central est coordinateur et elle compos\u00e9e des coordinateurs des CSSCT des 7 CSEE.<\/li>\n<li>Les commissions <strong>\u00e9conomie &amp; production, emploi formation et transition \u00e9cologique<\/strong> sont pr\u00e9sid\u00e9es par un repr\u00e9sentant de la direction et un coordinateur est \u00e9lu \u00e0 la majorit\u00e9 des membres de la commission.<\/li>\n<li>Les <strong>autres commissions<\/strong> sont pr\u00e9sid\u00e9es par un \u00e9lu qui peut \u00eatre \u00e9ventuellement second\u00e9 dans ses fonctions par un ou des vice-pr\u00e9sidents.<\/li>\n<\/ul>\n<p><strong>Le pr\u00e9sident<\/strong> <strong>est responsable du<\/strong> <strong>fonctionnement de sa commission<\/strong>. Il \u00e9tablit l&rsquo;<strong>ordre du jour avec le coordinateur<\/strong> le cas \u00e9ch\u00e9ant, dirige les d\u00e9bats et rapporte devant la Session du CSE Central. Les membres des commissions peuvent \u00eatre choisis parmi les \u00e9lus du CSE Central, des CSEE ou les Repr\u00e9sentants de Proximit\u00e9.<\/p>\n<p><strong>Chaque r\u00e9union de commission fait l&rsquo;objet d&rsquo;un compte rendu<\/strong>. Une copie est adress\u00e9e aux membres de la commission, aux membres du CSE Central, aux diff\u00e9rents CSEE et aux organisations syndicales.<\/p>\n<h3><strong>Les 6 commissions centrales obligatoires<br \/>\n<\/strong><\/h3>\n<h4><strong>Commission sant\u00e9, s\u00e9curit\u00e9 et condition de travail <\/strong><strong>(16 membres)<br \/>\n<\/strong><\/h4>\n<p><span data-css=\"tve-u-164d5a322ae\">Elle dispose de tout ou partie des <strong>attributions relatives \u00e0 la sant\u00e9, \u00e0 la s\u00e9curit\u00e9 et aux conditions de travail<\/strong>.\u00a0 <\/span><span data-css=\"tve-u-164d5a105e1\">La commission peut notamment <strong>prendre en charge l\u2019analyse des risques professionnels<\/strong>.\u00a0<\/span><span data-css=\"tve-u-164d5a105e1\"> Cette commission n\u2019a pas la possibilit\u00e9 de recourir \u00e0 une expertise, elle peut cependant faire des propositions d\u2019expertises et pr\u00e9parer les consultations en mati\u00e8re d\u2019hygi\u00e8ne et de s\u00e9curit\u00e9.<\/span><\/p>\n<ul>\n<li><strong>Pr\u00e9sident<\/strong> : ARZOUMANIAN Marie-Pierre<\/li>\n<li><strong>Coordinatrice: <\/strong>MAISONNEUVE V\u00e9ronique (CFDT)<strong><br \/>\n<\/strong><\/li>\n<li><strong>Coordinateur adjoint: <\/strong>\u00a0ROUET Didier (CFDT)<\/li>\n<\/ul>\n<h4><strong>Economique &amp; production (12 membres)<br \/>\n<\/strong><\/h4>\n<p>Elle est charg\u00e9e notamment d&rsquo;\u00e9tudier les <strong>documents \u00e9conomiques et financiers<\/strong> recueillis par le CSE Central et toute question qui lui est soumise par ce dernier.<\/p>\n<ul>\n<li><strong>Pr\u00e9sident<\/strong> : PACQUEAU R\u00e9mi<\/li>\n<li><strong>Coordinateur: <\/strong>BARDIN Christophe (FO)<strong><br \/>\n<\/strong><\/li>\n<li><strong>Coordinatrice adjointe: <\/strong>BARONDEAU Sophie (CFDT)<strong><br \/>\n<\/strong><\/li>\n<\/ul>\n<h4><strong>Emploi formation (12 membres)<br \/>\n<\/strong><\/h4>\n<p>Elle est charg\u00e9e d&rsquo;\u00e9tudier <strong>les moyens en mati\u00e8re de formation<\/strong> et les <strong>probl\u00e8mes sp\u00e9cifiques concernant l&#8217;emploi, le travail<\/strong> et celui des <strong>jeunes<\/strong> et des <strong>handicap\u00e9s<\/strong>.<\/p>\n<ul>\n<li><strong>Pr\u00e9sidente<\/strong> : HERBERT-LAURENT Laurence<\/li>\n<li><strong>Coordinateur: <\/strong>PEBEYRE Philippe (CFDT)<strong><br \/>\n<\/strong><\/li>\n<li><strong>Coordinateur adjoint: <\/strong>CHANGARNIER Axel (FO)<\/li>\n<\/ul>\n<h4><strong>\u00c9galit\u00e9 professionnelle et diversit\u00e9 (12 membres)<br \/>\n<\/strong><\/h4>\n<p>Elle est charg\u00e9e d&rsquo;\u00e9tudier le rapport \u00e9crit de l&#8217;employeur sur la situation compar\u00e9e des conditions g\u00e9n\u00e9rales d&#8217;emploi et de formation des femmes et des hommes dans l&rsquo;entreprise.<\/p>\n<ul>\n<li><strong>Pr\u00e9sidente<\/strong> : MOLLIES\u00a0Audrey (CFDT)<\/li>\n<li><strong>Vice-pr\u00e9sidente<\/strong> : CHRISTOU Elodie (CGT)<\/li>\n<\/ul>\n<h4><strong>Information et d&rsquo;aide au logement (7 membres)<br \/>\n<\/strong><\/h4>\n<p>Elle \u00e9tudie et donne chaque ann\u00e9e son avis sur le projet d&rsquo;affectation de la contribution de 1 % \u00e0 l&rsquo;effort de construction.<\/p>\n<ul>\n<li><strong>Pr\u00e9sident<\/strong>: BARDIN Christophe (FO)<\/li>\n<li><strong>Vic<\/strong><strong>e-pr\u00e9sidente<\/strong> : REPETTATI Jennifer (CFDT)<\/li>\n<\/ul>\n<h4><strong>Commission des march\u00e9s (5 membres)<br \/>\n<\/strong><\/h4>\n<p>Cette nouvelle commission obligatoire, est n\u00e9e de la promulgation de la loi sur la transparence des comptes des CSEE. Ses membres sont obligatoirement d\u00e9sign\u00e9s parmi les \u00e9lus titulaires du CSEC.<\/p>\n<ul>\n<li><strong>Pr\u00e9sident<\/strong> :<\/li>\n<li><strong>Vice-pr\u00e9sident : <\/strong>MAURICE Ronan (CFE-CGC)<strong><br \/>\n<\/strong><\/li>\n<\/ul>\n<h3><strong>Les commissions facultatives<\/strong><\/h3>\n<h4><strong>Intelligence artificielle (10 membres)\u00a0<\/strong><\/h4>\n<p>Cette commission a vocation \u00e0 assister le CSE Central dans son appr\u00e9ciation des enjeux li\u00e9s \u00e0 l&rsquo;intelligence artificielle.<\/p>\n<ul>\n<li><strong>Pr\u00e9sident<\/strong> : VANHAVERBEKE Thomas<\/li>\n<li><strong>Coordinateur: <\/strong>BERTHEAU Karl (CFDT)<strong><br \/>\n<\/strong><\/li>\n<li><strong>Coordinateur adjoint: <\/strong>ROGLIANO Julien (CFE-CGC)<\/li>\n<\/ul>\n<h4><strong>Transition \u00e9cologique (8 membres)<br \/>\n<\/strong><\/h4>\n<p>Cette commission a vocation \u00e0 assister le CSEC dans son appr\u00e9ciation des enjeux environnementaux et de transition \u00e9cologique.<\/p>\n<ul>\n<li><strong>Pr\u00e9sident<\/strong> : ETCHEBHERE Vincent<\/li>\n<li><strong>Coordinatrice: <\/strong>BELLABAS Saleha (CFDT)<strong><br \/>\n<\/strong><\/li>\n<li><strong>Coordinateur adjoint:\u00a0<\/strong>HIRSHY Olivier (CFE-CGC)<strong><br \/>\n<\/strong><\/li>\n<\/ul>\n<h4><strong>Commission secours<br \/>\n<\/strong><\/h4>\n<p>Cette commission est compos\u00e9e d&rsquo;un repr\u00e9sentant de chaque CSE sol, du secr\u00e9taire du CSEC et de la Responsable service social Air France.<\/p>\n<h4><strong>Commission activit\u00e9s sociales et culturelles (7 membres)<br \/>\n<\/strong><\/h4>\n<ul>\n<li><strong>Pr\u00e9sident<\/strong> :\u00e0 venir<\/li>\n<li><strong>Vic<\/strong><strong>e-pr\u00e9sident<\/strong> : \u00e0 venir<\/li>\n<\/ul>\n<h4><strong>Commission financi\u00e8re (5 membres)<br \/>\n<\/strong><\/h4>\n<ul>\n<li><strong>Pr\u00e9sident<\/strong> : BOLY Amadou (UNSA)<\/li>\n<li><strong>Vice-pr\u00e9sident<\/strong> : \u00e0 venir<\/li>\n<\/ul>\n<p>MAJ 24\/03\/26<\/p>\n","protected":false},"excerpt":{"rendered":"<p>Leurs r\u00f4les Les commissions centrales constituent l&rsquo;appareil d&rsquo;\u00e9tude, de coordination et de contr\u00f4le du CSE Central. Le r\u00f4le de chacune d&rsquo;elles est consultatif. La commission sant\u00e9, s\u00e9curit\u00e9 et condition de travail (CSSCT) au niveau central est pr\u00e9sid\u00e9e par l&#8217;employeur, le secr\u00e9taire adjoint du CSE Central est coordinateur et elle compos\u00e9e des coordinateurs des CSSCT des &hellip;<\/p>\n","protected":false},"author":9,"featured_media":2640,"parent":0,"menu_order":0,"comment_status":"closed","ping_status":"closed","template":"","meta":{"footnotes":""},"_links":{"self":[{"href":"https:\/\/www.csecaf.fr\/index.php?rest_route=\/wp\/v2\/pages\/74"}],"collection":[{"href":"https:\/\/www.csecaf.fr\/index.php?rest_route=\/wp\/v2\/pages"}],"about":[{"href":"https:\/\/www.csecaf.fr\/index.php?rest_route=\/wp\/v2\/types\/page"}],"author":[{"embeddable":true,"href":"https:\/\/www.csecaf.fr\/index.php?rest_route=\/wp\/v2\/users\/9"}],"replies":[{"embeddable":true,"href":"https:\/\/www.csecaf.fr\/index.php?rest_route=%2Fwp%2Fv2%2Fcomments&post=74"}],"version-history":[{"count":86,"href":"https:\/\/www.csecaf.fr\/index.php?rest_route=\/wp\/v2\/pages\/74\/revisions"}],"predecessor-version":[{"id":5701,"href":"https:\/\/www.csecaf.fr\/index.php?rest_route=\/wp\/v2\/pages\/74\/revisions\/5701"}],"wp:featuredmedia":[{"embeddable":true,"href":"https:\/\/www.csecaf.fr\/index.php?rest_route=\/wp\/v2\/media\/2640"}],"wp:attachment":[{"href":"https:\/\/www.csecaf.fr\/index.php?rest_route=%2Fwp%2Fv2%2Fmedia&parent=74"}],"curies":[{"name":"wp","href":"https:\/\/api.w.org\/{rel}","templated":true}]}}

<h4><strong>Leurs rôles</strong></h4>
<p>Les commissions centrales constituent l&rsquo;appareil d&rsquo;étude, de coordination et de contrôle du CSE Central. Le rôle de chacune d&rsquo;elles est consultatif.</p>
<ul>
<li><strong>La commission santé, sécurité et condition de travail</strong> (CSSCT) au niveau central est présidée par l&#8217;employeur, le secrétaire adjoint du CSE Central est coordinateur et elle composée des coordinateurs des CSSCT des 7 CSEE.</li>
<li>Les commissions <strong>économie &amp; production, emploi formation et transition écologique</strong> sont présidées par un représentant de la direction et un coordinateur est élu à la majorité des membres de la commission.</li>
<li>Les <strong>autres commissions</strong> sont présidées par un élu qui peut être éventuellement secondé dans ses fonctions par un ou des vice-présidents.</li>
</ul>
<p><strong>Le président</strong> <strong>est responsable du</strong> <strong>fonctionnement de sa commission</strong>. Il établit l&rsquo;<strong>ordre du jour avec le coordinateur</strong> le cas échéant, dirige les débats et rapporte devant la Session du CSE Central. Les membres des commissions peuvent être choisis parmi les élus du CSE Central, des CSEE ou les Représentants de Proximité.</p>
<p><strong>Chaque réunion de commission fait l&rsquo;objet d&rsquo;un compte rendu</strong>. Une copie est adressée aux membres de la commission, aux membres du CSE Central, aux différents CSEE et aux organisations syndicales.</p>
<h3><strong>Les 6 commissions centrales obligatoires<br />
</strong></h3>
<h4><strong>Commission santé, sécurité et condition de travail </strong><strong>(16 membres)<br />
</strong></h4>
<p><span data-css="tve-u-164d5a322ae">Elle dispose de tout ou partie des <strong>attributions relatives à la santé, à la sécurité et aux conditions de travail</strong>.  </span><span data-css="tve-u-164d5a105e1">La commission peut notamment <strong>prendre en charge l’analyse des risques professionnels</strong>. </span><span data-css="tve-u-164d5a105e1"> Cette commission n’a pas la possibilité de recourir à une expertise, elle peut cependant faire des propositions d’expertises et préparer les consultations en matière d’hygiène et de sécurité.</span></p>
<ul>
<li><strong>Président</strong> : ARZOUMANIAN Marie-Pierre</li>
<li><strong>Coordinatrice: </strong>MAISONNEUVE Véronique (CFDT)<strong><br />
</strong></li>
<li><strong>Coordinateur adjoint: </strong> ROUET Didier (CFDT)</li>
</ul>
<h4><strong>Economique &amp; production (12 membres)<br />
</strong></h4>
<p>Elle est chargée notamment d&rsquo;étudier les <strong>documents économiques et financiers</strong> recueillis par le CSE Central et toute question qui lui est soumise par ce dernier.</p>
<ul>
<li><strong>Président</strong> : PACQUEAU Rémi</li>
<li><strong>Coordinateur: </strong>BARDIN Christophe (FO)<strong><br />
</strong></li>
<li><strong>Coordinatrice adjointe: </strong>BARONDEAU Sophie (CFDT)<strong><br />
</strong></li>
</ul>
<h4><strong>Emploi formation (12 membres)<br />
</strong></h4>
<p>Elle est chargée d&rsquo;étudier <strong>les moyens en matière de formation</strong> et les <strong>problèmes spécifiques concernant l&#8217;emploi, le travail</strong> et celui des <strong>jeunes</strong> et des <strong>handicapés</strong>.</p>
<ul>
<li><strong>Présidente</strong> : HERBERT-LAURENT Laurence</li>
<li><strong>Coordinateur: </strong>PEBEYRE Philippe (CFDT)<strong><br />
</strong></li>
<li><strong>Coordinateur adjoint: </strong>CHANGARNIER Axel (FO)</li>
</ul>
<h4><strong>Égalité professionnelle et diversité (12 membres)<br />
</strong></h4>
<p>Elle est chargée d&rsquo;étudier le rapport écrit de l&#8217;employeur sur la situation comparée des conditions générales d&#8217;emploi et de formation des femmes et des hommes dans l&rsquo;entreprise.</p>
<ul>
<li><strong>Présidente</strong> : MOLLIES Audrey (CFDT)</li>
<li><strong>Vice-présidente</strong> : CHRISTOU Elodie (CGT)</li>
</ul>
<h4><strong>Information et d&rsquo;aide au logement (7 membres)<br />
</strong></h4>
<p>Elle étudie et donne chaque année son avis sur le projet d&rsquo;affectation de la contribution de 1 % à l&rsquo;effort de construction.</p>
<ul>
<li><strong>Président</strong>: BARDIN Christophe (FO)</li>
<li><strong>Vic</strong><strong>e-présidente</strong> : REPETTATI Jennifer (CFDT)</li>
</ul>
<h4><strong>Commission des marchés (5 membres)<br />
</strong></h4>
<p>Cette nouvelle commission obligatoire, est née de la promulgation de la loi sur la transparence des comptes des CSEE. Ses membres sont obligatoirement désignés parmi les élus titulaires du CSEC.</p>
<ul>
<li><strong>Président</strong> :</li>
<li><strong>Vice-président : </strong>MAURICE Ronan (CFE-CGC)<strong><br />
</strong></li>
</ul>
<h3><strong>Les commissions facultatives</strong></h3>
<h4><strong>Intelligence artificielle (10 membres) </strong></h4>
<p>Cette commission a vocation à assister le CSE Central dans son appréciation des enjeux liés à l&rsquo;intelligence artificielle.</p>
<ul>
<li><strong>Président</strong> : VANHAVERBEKE Thomas</li>
<li><strong>Coordinateur: </strong>BERTHEAU Karl (CFDT)<strong><br />
</strong></li>
<li><strong>Coordinateur adjoint: </strong>ROGLIANO Julien (CFE-CGC)</li>
</ul>
<h4><strong>Transition écologique (8 membres)<br />
</strong></h4>
<p>Cette commission a vocation à assister le CSEC dans son appréciation des enjeux environnementaux et de transition écologique.</p>
<ul>
<li><strong>Président</strong> : ETCHEBHERE Vincent</li>
<li><strong>Coordinatrice: </strong>BELLABAS Saleha (CFDT)<strong><br />
</strong></li>
<li><strong>Coordinateur adjoint: </strong>HIRSHY Olivier (CFE-CGC)<strong><br />
</strong></li>
</ul>
<h4><strong>Commission secours<br />
</strong></h4>
<p>Cette commission est composée d&rsquo;un représentant de chaque CSE sol, du secrétaire du CSEC et de la Responsable service social Air France.</p>
<h4><strong>Commission activités sociales et culturelles (7 membres)<br />
</strong></h4>
<ul>
<li><strong>Président</strong> :à venir</li>
<li><strong>Vic</strong><strong>e-président</strong> : à venir</li>
</ul>
<h4><strong>Commission financière (5 membres)<br />
</strong></h4>
<ul>
<li><strong>Président</strong> : BOLY Amadou (UNSA)</li>
<li><strong>Vice-président</strong> : à venir</li>
</ul>
<p>MAJ 24/03/26</p>

<p>Leurs rôles Les commissions centrales constituent l&rsquo;appareil d&rsquo;étude, de coordination et de contrôle du CSE Central. Le rôle de chacune d&rsquo;elles est consultatif. La commission santé, sécurité et condition de travail (CSSCT) au niveau central est présidée par l&#8217;employeur, le secrétaire adjoint du CSE Central est coordinateur et elle composée des coordinateurs des CSSCT des &hellip;</p>
