{"id":57,"date":"2015-08-15T00:00:53","date_gmt":"2015-08-14T23:00:53","guid":{"rendered":"https:\/\/institutionnel.cceaf.fr\/?page_id=57"},"modified":"2026-01-20T21:11:48","modified_gmt":"2026-01-20T20:11:48","slug":"resultats-des-dernieres-elections","status":"publish","type":"page","link":"https:\/\/www.csecaf.fr\/?page_id=57","title":{"rendered":"R\u00e9sultats des derni\u00e8res \u00e9lections"},"content":{"rendered":"\n<div class=\"wp-block-group is-layout-constrained wp-block-group-is-layout-constrained\"><div class=\"wp-block-group__inner-container\">\n<div class=\"wp-block-group is-layout-constrained wp-block-group-is-layout-constrained\"><div class=\"wp-block-group__inner-container\">\n<p>R\u00e9sultats des \u00e9lections du 6 mars 2023.<\/p>\n<p>Suite a une annulation, les \u00e9lections de la DGI ont eu lieux en avril 2024.<\/p>\n<table style=\"height: 133px;\" border=\"0\" width=\"218\">\n<tbody>\n<tr>\n<td><strong>Inscrits :<\/strong><\/td>\n<td>41 288<\/td>\n<\/tr>\n<tr>\n<td><strong>Votants :<\/strong><\/td>\n<td>32 134<\/td>\n<\/tr>\n<tr>\n<td><strong>Participation :<\/strong><\/td>\n<td>77,83%<\/td>\n<\/tr>\n<tr>\n<td>\u00a0<\/td>\n<td>\u00a0<\/td>\n<\/tr>\n<\/tbody>\n<\/table>\n<table style=\"height: 355px;\" width=\"538\">\n<tbody>\n<tr>\n<td><strong>Organisations syndicales<\/strong><\/td>\n<td><strong>Suffrages exprim\u00e9s<\/strong><\/td>\n<td><strong>%<\/strong><\/td>\n<\/tr>\n<tr>\n<td><strong>FO-SNPNC <\/strong><\/td>\n<td>6 309 voix<\/td>\n<td>20,11<\/td>\n<\/tr>\n<tr>\n<td><strong>CFDT-UNPNC<\/strong><\/td>\n<td>5 819 voix<\/td>\n<td>18,55<\/td>\n<\/tr>\n<tr>\n<td><strong>UNSA AERIEN<br \/><\/strong><\/td>\n<td>5 107 voix<\/td>\n<td>17,71<\/td>\n<\/tr>\n<tr>\n<td><strong>CFE-CGC-UNAC<\/strong><\/td>\n<td>4 734 voix<\/td>\n<td>15,09<\/td>\n<\/tr>\n<tr>\n<td><strong>CGT<\/strong><\/td>\n<td>3 380 voix<\/td>\n<td>10,77<\/td>\n<\/tr>\n<tr>\n<td><strong>SNPL*<br \/><\/strong><\/td>\n<td>2 698 voix<\/td>\n<td>8,60<\/td>\n<\/tr>\n<tr>\n<td><strong>SNGAF<\/strong><\/td>\n<td>1 686 voix<\/td>\n<td>5,37<\/td>\n<\/tr>\n<tr>\n<td><strong>SUD AERIEN<\/strong><\/td>\n<td>613 voix<\/td>\n<td>1,95<\/td>\n<\/tr>\n<tr>\n<td><strong>SPAF*<\/strong><\/td>\n<td>408 voix<\/td>\n<td>1,15<\/td>\n<\/tr>\n<tr>\n<td><strong>ALTER*<\/strong><\/td>\n<td>382 voix<\/td>\n<td>1,22<\/td>\n<\/tr>\n<tr>\n<td><strong>CFTC<\/strong><\/td>\n<td>120 voix<\/td>\n<td>0,38<\/td>\n<\/tr>\n<tr>\n<td><strong>SMA<\/strong><\/td>\n<td>120 voix<\/td>\n<td>0,38<\/td>\n<\/tr>\n<\/tbody>\n<\/table>\n<p>Compte tenu des r\u00e8gles l\u00e9gislatives, seules les organisations syndicales ayant atteint le seuil de 10 % des suffrages exprim\u00e9s sont habilit\u00e9es \u00e0 participer aux n\u00e9gociations collectives.<br \/>* Syndicats de pilotes repr\u00e9sentatifs dans l&rsquo;entreprise (exception l\u00e9gislative). Les organisations syndicales repr\u00e9sentatives au niveau de la Compagnie sont donc :<div class=\"starlist tie-list-shortcode\">\n<ul>\n<li><strong>FO-SNPNC<\/strong><\/li>\n<li><strong>CFDT-UNPNC<\/strong><\/li>\n<li><strong>UNSA AERIEN<\/strong><\/li>\n<li><strong>CFE-CGC-UNAC<\/strong><\/li>\n<li><strong>CGT<\/strong><\/li>\n<\/ul>\n<\/div>Concernant les pilotes, trois organisations syndicales d\u00e9passent le seuil de 10 % des suffrages exprim\u00e9s dans leur coll\u00e8ge et sont donc repr\u00e9sentatifs au niveau de la compagnie :<div class=\"starlist tie-list-shortcode\">\n<ul>\n<li><strong>SNPL<\/strong><\/li>\n<li><strong>SPAF<\/strong><\/li>\n<li><strong>ALTER<\/strong><\/li>\n<\/ul>\n<\/div><strong>Prochaines \u00e9lections : 2027<\/strong><\/p>\n<\/div><\/div>\n<\/div><\/div>\n\n\n\n<p>MAJ 01\/2026<\/p>\n","protected":false},"excerpt":{"rendered":"<p>R\u00e9sultats des \u00e9lections du 6 mars 2023. Suite a une annulation, les \u00e9lections de la DGI ont eu lieux en avril 2024. Inscrits : 41 288 Votants : 32 134 Participation : 77,83% \u00a0 \u00a0 Organisations syndicales Suffrages exprim\u00e9s % FO-SNPNC 6 309 voix 20,11 CFDT-UNPNC 5 819 voix 18,55 UNSA AERIEN 5 107 voix &hellip;<\/p>\n","protected":false},"author":9,"featured_media":123,"parent":52,"menu_order":0,"comment_status":"closed","ping_status":"closed","template":"","meta":{"footnotes":""},"_links":{"self":[{"href":"https:\/\/www.csecaf.fr\/index.php?rest_route=\/wp\/v2\/pages\/57"}],"collection":[{"href":"https:\/\/www.csecaf.fr\/index.php?rest_route=\/wp\/v2\/pages"}],"about":[{"href":"https:\/\/www.csecaf.fr\/index.php?rest_route=\/wp\/v2\/types\/page"}],"author":[{"embeddable":true,"href":"https:\/\/www.csecaf.fr\/index.php?rest_route=\/wp\/v2\/users\/9"}],"replies":[{"embeddable":true,"href":"https:\/\/www.csecaf.fr\/index.php?rest_route=%2Fwp%2Fv2%2Fcomments&post=57"}],"version-history":[{"count":50,"href":"https:\/\/www.csecaf.fr\/index.php?rest_route=\/wp\/v2\/pages\/57\/revisions"}],"predecessor-version":[{"id":5664,"href":"https:\/\/www.csecaf.fr\/index.php?rest_route=\/wp\/v2\/pages\/57\/revisions\/5664"}],"up":[{"embeddable":true,"href":"https:\/\/www.csecaf.fr\/index.php?rest_route=\/wp\/v2\/pages\/52"}],"wp:featuredmedia":[{"embeddable":true,"href":"https:\/\/www.csecaf.fr\/index.php?rest_route=\/wp\/v2\/media\/123"}],"wp:attachment":[{"href":"https:\/\/www.csecaf.fr\/index.php?rest_route=%2Fwp%2Fv2%2Fmedia&parent=57"}],"curies":[{"name":"wp","href":"https:\/\/api.w.org\/{rel}","templated":true}]}}

Résultats des dernières élections

<div class="wp-block-group is-layout-constrained wp-block-group-is-layout-constrained"><div class="wp-block-group__inner-container">
<div class="wp-block-group is-layout-constrained wp-block-group-is-layout-constrained"><div class="wp-block-group__inner-container">
<p>Résultats des élections du 6 mars 2023.</p>
<p>Suite a une annulation, les élections de la DGI ont eu lieux en avril 2024.</p>
<table style="height: 133px;" border="0" width="218">
<tbody>
<tr>
<td><strong>Inscrits :</strong></td>
<td>41 288</td>
</tr>
<tr>
<td><strong>Votants :</strong></td>
<td>32 134</td>
</tr>
<tr>
<td><strong>Participation :</strong></td>
<td>77,83%</td>
</tr>
<tr>
<td> </td>
<td> </td>
</tr>
</tbody>
</table>
<table style="height: 355px;" width="538">
<tbody>
<tr>
<td><strong>Organisations syndicales</strong></td>
<td><strong>Suffrages exprimés</strong></td>
<td><strong>%</strong></td>
</tr>
<tr>
<td><strong>FO-SNPNC </strong></td>
<td>6 309 voix</td>
<td>20,11</td>
</tr>
<tr>
<td><strong>CFDT-UNPNC</strong></td>
<td>5 819 voix</td>
<td>18,55</td>
</tr>
<tr>
<td><strong>UNSA AERIEN<br /></strong></td>
<td>5 107 voix</td>
<td>17,71</td>
</tr>
<tr>
<td><strong>CFE-CGC-UNAC</strong></td>
<td>4 734 voix</td>
<td>15,09</td>
</tr>
<tr>
<td><strong>CGT</strong></td>
<td>3 380 voix</td>
<td>10,77</td>
</tr>
<tr>
<td><strong>SNPL*<br /></strong></td>
<td>2 698 voix</td>
<td>8,60</td>
</tr>
<tr>
<td><strong>SNGAF</strong></td>
<td>1 686 voix</td>
<td>5,37</td>
</tr>
<tr>
<td><strong>SUD AERIEN</strong></td>
<td>613 voix</td>
<td>1,95</td>
</tr>
<tr>
<td><strong>SPAF*</strong></td>
<td>408 voix</td>
<td>1,15</td>
</tr>
<tr>
<td><strong>ALTER*</strong></td>
<td>382 voix</td>
<td>1,22</td>
</tr>
<tr>
<td><strong>CFTC</strong></td>
<td>120 voix</td>
<td>0,38</td>
</tr>
<tr>
<td><strong>SMA</strong></td>
<td>120 voix</td>
<td>0,38</td>
</tr>
</tbody>
</table>
<p>Compte tenu des règles législatives, seules les organisations syndicales ayant atteint le seuil de 10 % des suffrages exprimés sont habilitées à participer aux négociations collectives.<br />* Syndicats de pilotes représentatifs dans l&rsquo;entreprise (exception législative). Les organisations syndicales représentatives au niveau de la Compagnie sont donc :<div class="starlist tie-list-shortcode">
<ul>
<li><strong>FO-SNPNC</strong></li>
<li><strong>CFDT-UNPNC</strong></li>
<li><strong>UNSA AERIEN</strong></li>
<li><strong>CFE-CGC-UNAC</strong></li>
<li><strong>CGT</strong></li>
</ul>
</div>Concernant les pilotes, trois organisations syndicales dépassent le seuil de 10 % des suffrages exprimés dans leur collège et sont donc représentatifs au niveau de la compagnie :<div class="starlist tie-list-shortcode">
<ul>
<li><strong>SNPL</strong></li>
<li><strong>SPAF</strong></li>
<li><strong>ALTER</strong></li>
</ul>
</div><strong>Prochaines élections : 2027</strong></p>
</div></div>
</div></div>



<p>MAJ 01/2026</p>

<p>Résultats des élections du 6 mars 2023. Suite a une annulation, les élections de la DGI ont eu lieux en avril 2024. Inscrits : 41 288 Votants : 32 134 Participation : 77,83%     Organisations syndicales Suffrages exprimés % FO-SNPNC 6 309 voix 20,11 CFDT-UNPNC 5 819 voix 18,55 UNSA AERIEN 5 107 voix &hellip;</p>
