{"id":4738,"date":"2023-03-28T08:33:30","date_gmt":"2023-03-28T07:33:30","guid":{"rendered":"\/?page_id=4738"},"modified":"2023-10-30T13:53:43","modified_gmt":"2023-10-30T12:53:43","slug":"penne-du-tarn-tarn","status":"publish","type":"page","link":"https:\/\/www.csecaf.fr\/?page_id=4738","title":{"rendered":"Penne-du-Tarn (Tarn)"},"content":{"rendered":"<table width=\"100%\" cellspacing=\"0\" cellpadding=\"0\">\n<tbody>\n<tr>\n<td><strong>Envie d\u2019un week-end ou un petit s\u00e9jour de \u00ab charme \u00bb ? Direction notre village de Penne du Tarn pour quelques jours dans une nature sauvage et pr\u00e9serv\u00e9e. Nos chalets en bois qui se fondent dans la nature vous invitent \u00e0 une escapade m\u00e9morable. Au cours du s\u00e9jour, une visite incontournable : le village m\u00e9di\u00e9val de Penne du Tarn dont les constructions rappelleront l\u2019art des b\u00e2tisseurs d\u2019autrefois. Coup de coeur assur\u00e9 !<\/strong><\/td>\n<td width=\"10%\"><\/td>\n<\/tr>\n<\/tbody>\n<\/table>\n<p><strong>Les logements : <\/strong>les 8 chalets au confort simple peuvent accueillir de 1 \u00e0 7 personnes (dont un accessible aux personnes \u00e0 mobilit\u00e9 r\u00e9duite). Chaque logement dispose :<\/p>\n<div class=\"starlist tie-list-shortcode\">\n<ul>\n<li>d&rsquo;une cuisine, gazini\u00e8re, cafeti\u00e8re \u00e0 filtre, grille-pain, four \u00e9lectrique, r\u00e9frig\u00e9rateur\/cong\u00e9lateur<\/li>\n<li>d&rsquo;une chambre adulte (1 lit de 140)<\/li>\n<li>d&rsquo;une chambre enfant (1 lit de 80 et 1 lit de 140)<\/li>\n<li>d&rsquo;un s\u00e9jour (avec banquette lit 140)<\/li>\n<li>d&rsquo;une petite terrasse couverte<\/li>\n<\/ul>\n<h4><strong>Les formules de s\u00e9jour<\/strong><\/h4>\n<div class=\"starlist tie-list-shortcode\"><\/div>\n<ul>\n<li>Formule en g\u00eete uniquement.<\/li>\n<\/ul>\n<\/div>\n<h4><strong>Infrastructures et loisirs<\/strong><\/h4>\n<div class=\"starlist tie-list-shortcode\">\n<ul>\n<li>Salle de loisirs<\/li>\n<li>Buanderie contenant un lave linge (les produits ne sont pas fournis)<\/li>\n<li>Barbecue<\/li>\n<\/ul>\n<\/div>\n<h4><strong>Acc\u00e8s<\/strong><\/h4>\n<div class=\"starlist tie-list-shortcode\">\n<ul>\n<li><strong>A\u00e9roport :<\/strong> Toulouse (environ 85 km).<\/li>\n<\/ul>\n<\/div>\n<h4><strong>M\u00e9dias<\/strong><\/h4>\n<div class=\"starlist tie-list-shortcode\">\n<ul>\n<li><strong><a href=\"https:\/\/youtu.be\/PhToAqLP36E\">Vid\u00e9o de pr\u00e9sentation<\/a><br \/>\n<\/strong><\/li>\n<li><strong><a href=\"https:\/\/skyzup.com\/360\/pro\/csecaf\/link\/6362832966b5e\">Visite virtuelle 360\u00b0<\/a><br \/>\n<\/strong><\/li>\n<\/ul>\n<\/div>\n<p><em>Les informations du site institutionnel n&rsquo;ont pas de valeurs contractuelles. Veuillez vous r\u00e9f\u00e9rer au programme sur <span class=\"highlight highlight-orange\"> <a href=\"https:\/\/panorama.cceaf.fr\" target=\"_blank\" rel=\"noopener\">\u00a0Panoram@\u00a0<\/a> <\/span>.<\/em><\/p>\n<p><iframe loading=\"lazy\" style=\"border: 0;\" src=\"https:\/\/www.google.com\/maps\/embed?pb=!1m18!1m12!1m3!1d9299.002990080182!2d1.7293166659203842!3d44.078399921755725!2m3!1f0!2f0!3f0!3m2!1i1024!2i768!4f13.1!3m3!1m2!1s0x12ac3788c2c0490b%3A0x27e33c2ea03ae9fb!2sVillage%20de%20d%C3%A9tente%20CSEC%20AIR%20FRANCE!5e0!3m2!1sfr!2sfr!4v1679989084403!5m2!1sfr!2sfr\" width=\"600\" height=\"450\" allowfullscreen=\"allowfullscreen\"><\/iframe><\/p>\n","protected":false},"excerpt":{"rendered":"<p>Envie d\u2019un week-end ou un petit s\u00e9jour de \u00ab charme \u00bb ? Direction notre village de Penne du Tarn pour quelques jours dans une nature sauvage et pr\u00e9serv\u00e9e. Nos chalets en bois qui se fondent dans la nature vous invitent \u00e0 une escapade m\u00e9morable. Au cours du s\u00e9jour, une visite incontournable : le village m\u00e9di\u00e9val &hellip;<\/p>\n","protected":false},"author":9,"featured_media":4741,"parent":173,"menu_order":0,"comment_status":"closed","ping_status":"closed","template":"","meta":{"footnotes":""},"_links":{"self":[{"href":"https:\/\/www.csecaf.fr\/index.php?rest_route=\/wp\/v2\/pages\/4738"}],"collection":[{"href":"https:\/\/www.csecaf.fr\/index.php?rest_route=\/wp\/v2\/pages"}],"about":[{"href":"https:\/\/www.csecaf.fr\/index.php?rest_route=\/wp\/v2\/types\/page"}],"author":[{"embeddable":true,"href":"https:\/\/www.csecaf.fr\/index.php?rest_route=\/wp\/v2\/users\/9"}],"replies":[{"embeddable":true,"href":"https:\/\/www.csecaf.fr\/index.php?rest_route=%2Fwp%2Fv2%2Fcomments&post=4738"}],"version-history":[{"count":6,"href":"https:\/\/www.csecaf.fr\/index.php?rest_route=\/wp\/v2\/pages\/4738\/revisions"}],"predecessor-version":[{"id":4761,"href":"https:\/\/www.csecaf.fr\/index.php?rest_route=\/wp\/v2\/pages\/4738\/revisions\/4761"}],"up":[{"embeddable":true,"href":"https:\/\/www.csecaf.fr\/index.php?rest_route=\/wp\/v2\/pages\/173"}],"wp:featuredmedia":[{"embeddable":true,"href":"https:\/\/www.csecaf.fr\/index.php?rest_route=\/wp\/v2\/media\/4741"}],"wp:attachment":[{"href":"https:\/\/www.csecaf.fr\/index.php?rest_route=%2Fwp%2Fv2%2Fmedia&parent=4738"}],"curies":[{"name":"wp","href":"https:\/\/api.w.org\/{rel}","templated":true}]}}

<table width="100%" cellspacing="0" cellpadding="0">
<tbody>
<tr>
<td><strong>Envie d’un week-end ou un petit séjour de « charme » ? Direction notre village de Penne du Tarn pour quelques jours dans une nature sauvage et préservée. Nos chalets en bois qui se fondent dans la nature vous invitent à une escapade mémorable. Au cours du séjour, une visite incontournable : le village médiéval de Penne du Tarn dont les constructions rappelleront l’art des bâtisseurs d’autrefois. Coup de coeur assuré !</strong></td>
<td width="10%"></td>
</tr>
</tbody>
</table>
<p><strong>Les logements : </strong>les 8 chalets au confort simple peuvent accueillir de 1 à 7 personnes (dont un accessible aux personnes à mobilité réduite). Chaque logement dispose :</p>
<div class="starlist tie-list-shortcode">
<ul>
<li>d&rsquo;une cuisine, gazinière, cafetière à filtre, grille-pain, four électrique, réfrigérateur/congélateur</li>
<li>d&rsquo;une chambre adulte (1 lit de 140)</li>
<li>d&rsquo;une chambre enfant (1 lit de 80 et 1 lit de 140)</li>
<li>d&rsquo;un séjour (avec banquette lit 140)</li>
<li>d&rsquo;une petite terrasse couverte</li>
</ul>
<h4><strong>Les formules de séjour</strong></h4>
<div class="starlist tie-list-shortcode"></div>
<ul>
<li>Formule en gîte uniquement.</li>
</ul>
</div>
<h4><strong>Infrastructures et loisirs</strong></h4>
<div class="starlist tie-list-shortcode">
<ul>
<li>Salle de loisirs</li>
<li>Buanderie contenant un lave linge (les produits ne sont pas fournis)</li>
<li>Barbecue</li>
</ul>
</div>
<h4><strong>Accès</strong></h4>
<div class="starlist tie-list-shortcode">
<ul>
<li><strong>Aéroport :</strong> Toulouse (environ 85 km).</li>
</ul>
</div>
<h4><strong>Médias</strong></h4>
<div class="starlist tie-list-shortcode">
<ul>
<li><strong><a href="https://youtu.be/PhToAqLP36E">Vidéo de présentation</a><br />
</strong></li>
<li><strong><a href="https://skyzup.com/360/pro/csecaf/link/6362832966b5e">Visite virtuelle 360°</a><br />
</strong></li>
</ul>
</div>
<p><em>Les informations du site institutionnel n&rsquo;ont pas de valeurs contractuelles. Veuillez vous référer au programme sur <span class="highlight highlight-orange"> <a href="https://panorama.cceaf.fr" target="_blank" rel="noopener"> Panoram@ </a> </span>.</em></p>
<p><iframe loading="lazy" style="border: 0;" src="https://www.google.com/maps/embed?pb=!1m18!1m12!1m3!1d9299.002990080182!2d1.7293166659203842!3d44.078399921755725!2m3!1f0!2f0!3f0!3m2!1i1024!2i768!4f13.1!3m3!1m2!1s0x12ac3788c2c0490b%3A0x27e33c2ea03ae9fb!2sVillage%20de%20d%C3%A9tente%20CSEC%20AIR%20FRANCE!5e0!3m2!1sfr!2sfr!4v1679989084403!5m2!1sfr!2sfr" width="600" height="450" allowfullscreen="allowfullscreen"></iframe></p>

<p>Envie d’un week-end ou un petit séjour de « charme » ? Direction notre village de Penne du Tarn pour quelques jours dans une nature sauvage et préservée. Nos chalets en bois qui se fondent dans la nature vous invitent à une escapade mémorable. Au cours du séjour, une visite incontournable : le village médiéval &hellip;</p>
