{"id":4728,"date":"2023-03-27T14:30:54","date_gmt":"2023-03-27T13:30:54","guid":{"rendered":"\/?page_id=4728"},"modified":"2023-10-30T13:53:15","modified_gmt":"2023-10-30T12:53:15","slug":"beuil-alpes-du-sud","status":"publish","type":"page","link":"https:\/\/www.csecaf.fr\/?page_id=4728","title":{"rendered":"Beuil (Alpes Maritimes)"},"content":{"rendered":"<table width=\"100%\" cellspacing=\"0\" cellpadding=\"0\">\n<tbody>\n<tr>\n<td><strong>V\u00e9ritable petit hameau de verdure et de paix, notre village de Beuil b\u00e9n\u00e9ficie d\u2019un emplacement privil\u00e9gi\u00e9, \u00e0 80 km de Nice, aux portes du Parc National du Mercantour\u2026 \u00e0 1430 m d\u2019altitude. Que ce soit le ski en hiver, les randonn\u00e9es en \u00e9t\u00e9, notre village du sud convie aux sports et \u00e0 la d\u00e9couverte, aux plaisirs de la d\u00e9tente pour de vraies vacances \u00e0 la montagne. Les passionn\u00e9s de nature y d\u00e9couvriront une faune sauvage diversifi\u00e9e et une flore exceptionnelle.<\/strong><\/td>\n<td width=\"10%\"><\/td>\n<\/tr>\n<\/tbody>\n<\/table>\n<p><strong>Les logements : <\/strong>les chalets sont compos\u00e9s de 6 studios de 1 \u00e0 4 personnes, dont 2 communicants r\u00e9partis sur 2 \u00e9tages.<\/p>\n<div class=\"starlist tie-list-shortcode\">\n<ul>\n<li>4 couchages adultes (2 lits simples rabattables + 1 canap\u00e9 BZ de 140 cm). Possibilit\u00e9 de mettre 1 lit b\u00e9b\u00e9 (- de 2 ans)<\/li>\n<li>Les sanitaires sont situ\u00e9s sur chaque palier (6 salles de bain + 6 sanitaires). Pas de salle de bain dans les studios.<\/li>\n<\/ul>\n<h4><strong>Les formules de s\u00e9jour<\/strong><\/h4>\n<div class=\"starlist tie-list-shortcode\"><\/div>\n<ul>\n<li>Formule en g\u00eete uniquement.<\/li>\n<\/ul>\n<\/div>\n<h4><strong>Infrastructures et loisirs<\/strong><\/h4>\n<div class=\"starlist tie-list-shortcode\">\n<ul>\n<li>Salle de d\u00e9tente \/ repos avec chemin\u00e9e<\/li>\n<li>Salle TV Salle de jeux (table de ping-pong)<\/li>\n<li>Wifi au rez-de-chauss\u00e9e<\/li>\n<li>Jardin derri\u00e8re le chalet avec barbecue et salon de jardin<\/li>\n<li>Local v\u00e9lo<\/li>\n<\/ul>\n<\/div>\n<h4><strong>Acc\u00e8s<\/strong><\/h4>\n<div class=\"starlist tie-list-shortcode\">\n<ul>\n<li><strong>A\u00e9roport :<\/strong> Nice.<\/li>\n<\/ul>\n<\/div>\n<h4><strong>M\u00e9dias<\/strong><\/h4>\n<div class=\"starlist tie-list-shortcode\">\n<ul>\n<li><strong><a href=\"https:\/\/youtu.be\/PhToAqLP36E\">Vid\u00e9o de pr\u00e9sentation<\/a><br \/>\n<\/strong><\/li>\n<li><strong><a href=\"https:\/\/skyzup.com\/360\/pro\/csecaf\/link\/6362802f32c7b\">Visite virtuelle 360\u00b0<\/a><br \/>\n<\/strong><\/li>\n<\/ul>\n<\/div>\n<p><em>Les informations du site institutionnel n&rsquo;ont pas de valeurs contractuelles. Veuillez vous r\u00e9f\u00e9rer au programme sur <span class=\"highlight highlight-orange\"> <a href=\"https:\/\/panorama.cceaf.fr\" target=\"_blank\" rel=\"noopener\">\u00a0Panoram@\u00a0<\/a> <\/span>.<\/em><\/p>\n<p><iframe src=\"https:\/\/www.google.com\/maps\/embed?pb=!1m14!1m12!1m3!1d1529.05467015575!2d6.968084800469909!3d44.08944655340972!2m3!1f0!2f0!3f0!3m2!1i1024!2i768!4f13.1!5e0!3m2!1sfr!2sfr!4v1679985588601!5m2!1sfr!2sfr\" width=\"600\" height=\"450\" style=\"border:0;\" allowfullscreen=\"\" loading=\"lazy\" referrerpolicy=\"no-referrer-when-downgrade\"><\/iframe><\/p>\n","protected":false},"excerpt":{"rendered":"<p>V\u00e9ritable petit hameau de verdure et de paix, notre village de Beuil b\u00e9n\u00e9ficie d\u2019un emplacement privil\u00e9gi\u00e9, \u00e0 80 km de Nice, aux portes du Parc National du Mercantour\u2026 \u00e0 1430 m d\u2019altitude. Que ce soit le ski en hiver, les randonn\u00e9es en \u00e9t\u00e9, notre village du sud convie aux sports et \u00e0 la d\u00e9couverte, aux &hellip;<\/p>\n","protected":false},"author":9,"featured_media":4721,"parent":173,"menu_order":0,"comment_status":"closed","ping_status":"closed","template":"","meta":{"footnotes":""},"_links":{"self":[{"href":"https:\/\/www.csecaf.fr\/index.php?rest_route=\/wp\/v2\/pages\/4728"}],"collection":[{"href":"https:\/\/www.csecaf.fr\/index.php?rest_route=\/wp\/v2\/pages"}],"about":[{"href":"https:\/\/www.csecaf.fr\/index.php?rest_route=\/wp\/v2\/types\/page"}],"author":[{"embeddable":true,"href":"https:\/\/www.csecaf.fr\/index.php?rest_route=\/wp\/v2\/users\/9"}],"replies":[{"embeddable":true,"href":"https:\/\/www.csecaf.fr\/index.php?rest_route=%2Fwp%2Fv2%2Fcomments&post=4728"}],"version-history":[{"count":7,"href":"https:\/\/www.csecaf.fr\/index.php?rest_route=\/wp\/v2\/pages\/4728\/revisions"}],"predecessor-version":[{"id":4762,"href":"https:\/\/www.csecaf.fr\/index.php?rest_route=\/wp\/v2\/pages\/4728\/revisions\/4762"}],"up":[{"embeddable":true,"href":"https:\/\/www.csecaf.fr\/index.php?rest_route=\/wp\/v2\/pages\/173"}],"wp:featuredmedia":[{"embeddable":true,"href":"https:\/\/www.csecaf.fr\/index.php?rest_route=\/wp\/v2\/media\/4721"}],"wp:attachment":[{"href":"https:\/\/www.csecaf.fr\/index.php?rest_route=%2Fwp%2Fv2%2Fmedia&parent=4728"}],"curies":[{"name":"wp","href":"https:\/\/api.w.org\/{rel}","templated":true}]}}

<table width="100%" cellspacing="0" cellpadding="0">
<tbody>
<tr>
<td><strong>Véritable petit hameau de verdure et de paix, notre village de Beuil bénéficie d’un emplacement privilégié, à 80 km de Nice, aux portes du Parc National du Mercantour… à 1430 m d’altitude. Que ce soit le ski en hiver, les randonnées en été, notre village du sud convie aux sports et à la découverte, aux plaisirs de la détente pour de vraies vacances à la montagne. Les passionnés de nature y découvriront une faune sauvage diversifiée et une flore exceptionnelle.</strong></td>
<td width="10%"></td>
</tr>
</tbody>
</table>
<p><strong>Les logements : </strong>les chalets sont composés de 6 studios de 1 à 4 personnes, dont 2 communicants répartis sur 2 étages.</p>
<div class="starlist tie-list-shortcode">
<ul>
<li>4 couchages adultes (2 lits simples rabattables + 1 canapé BZ de 140 cm). Possibilité de mettre 1 lit bébé (- de 2 ans)</li>
<li>Les sanitaires sont situés sur chaque palier (6 salles de bain + 6 sanitaires). Pas de salle de bain dans les studios.</li>
</ul>
<h4><strong>Les formules de séjour</strong></h4>
<div class="starlist tie-list-shortcode"></div>
<ul>
<li>Formule en gîte uniquement.</li>
</ul>
</div>
<h4><strong>Infrastructures et loisirs</strong></h4>
<div class="starlist tie-list-shortcode">
<ul>
<li>Salle de détente / repos avec cheminée</li>
<li>Salle TV Salle de jeux (table de ping-pong)</li>
<li>Wifi au rez-de-chaussée</li>
<li>Jardin derrière le chalet avec barbecue et salon de jardin</li>
<li>Local vélo</li>
</ul>
</div>
<h4><strong>Accès</strong></h4>
<div class="starlist tie-list-shortcode">
<ul>
<li><strong>Aéroport :</strong> Nice.</li>
</ul>
</div>
<h4><strong>Médias</strong></h4>
<div class="starlist tie-list-shortcode">
<ul>
<li><strong><a href="https://youtu.be/PhToAqLP36E">Vidéo de présentation</a><br />
</strong></li>
<li><strong><a href="https://skyzup.com/360/pro/csecaf/link/6362802f32c7b">Visite virtuelle 360°</a><br />
</strong></li>
</ul>
</div>
<p><em>Les informations du site institutionnel n&rsquo;ont pas de valeurs contractuelles. Veuillez vous référer au programme sur <span class="highlight highlight-orange"> <a href="https://panorama.cceaf.fr" target="_blank" rel="noopener"> Panoram@ </a> </span>.</em></p>
<p><iframe src="https://www.google.com/maps/embed?pb=!1m14!1m12!1m3!1d1529.05467015575!2d6.968084800469909!3d44.08944655340972!2m3!1f0!2f0!3f0!3m2!1i1024!2i768!4f13.1!5e0!3m2!1sfr!2sfr!4v1679985588601!5m2!1sfr!2sfr" width="600" height="450" style="border:0;" allowfullscreen="" loading="lazy" referrerpolicy="no-referrer-when-downgrade"></iframe></p>

<p>Véritable petit hameau de verdure et de paix, notre village de Beuil bénéficie d’un emplacement privilégié, à 80 km de Nice, aux portes du Parc National du Mercantour… à 1430 m d’altitude. Que ce soit le ski en hiver, les randonnées en été, notre village du sud convie aux sports et à la découverte, aux &hellip;</p>
