{"id":237,"date":"2015-08-15T00:00:52","date_gmt":"2015-08-14T23:00:52","guid":{"rendered":"https:\/\/institutionnel.cceaf.fr\/?page_id=237"},"modified":"2023-03-27T10:50:19","modified_gmt":"2023-03-27T09:50:19","slug":"penne-du-tarn-tarn","status":"publish","type":"page","link":"https:\/\/www.csecaf.fr\/?page_id=237","title":{"rendered":"Penne-du-Tarn (Tarn)"},"content":{"rendered":"<p><span style=\"color: #0284ab; font-size: 14px;\"><strong>Eaux vives, sp\u00e9l\u00e9ologie, astronomie&#8230; au coeur des gorges de l\u2019Aveyron.<br \/>\nDans la campagne verdoyante des gorges de l\u2019Aveyron, au d\u00e9tour d\u2019une route ombrag\u00e9e se niche le petit village de Penne-du-Tarn. Avec ses ruelles \u00e9troites, son vieux ch\u00e2teau juch\u00e9 sur le promontoire de la plus haute colline, ce bourg a fi\u00e8re allure\u2026 C\u2019est l\u00e0, plus loin sur la route communale, que le village jeunes se cache. Ici les mordus d\u2019eaux vives peuvent s\u2019essayer aux joies et aux sensations fortes du rafting. D\u2019autres pr\u00e9f\u00e8reront s\u2019engouffrer dans les profondeurs des gorges et s\u2019adonner \u00e0 la pratique de la sp\u00e9l\u00e9ologie. Apr\u00e8s les randonn\u00e9es p\u00e9destres et autres courses de VTT, les soir\u00e9es seront propices \u00e0 laisser sa t\u00eate se perdre dans les \u00e9toiles. La claire vo\u00fbte \u00e9toil\u00e9e est une invitation \u00e0 la d\u00e9couverte de l\u2019astronomie.<\/strong><\/span><\/p>\n<h4><strong>Propri\u00e9t\u00e9<\/strong><\/h4>\n<div class=\"starlist tie-list-shortcode\">\n<ul>\n<li><strong>Capacit\u00e9 d\u2019accueil :<\/strong> 60 lits pour une superficie : 10,4 hectares.<\/li>\n<\/ul>\n<\/div>\n<h4><strong>H\u00e9bergement<\/strong><\/h4>\n<div class=\"starlist tie-list-shortcode\">\n<ul>\n<li>Bungalows de 6 lits.<\/li>\n<\/ul>\n<\/div>\n<h4><strong>Infrastructure et loisirs<\/strong><\/h4>\n<div class=\"starlist tie-list-shortcode\">\n<ul>\n<li>Bergerie.<\/li>\n<li>Salle d\u2019activit\u00e9s.<\/li>\n<\/ul>\n<\/div>\n<h4><strong>Acc\u00e8s<\/strong><\/h4>\n<div class=\"starlist tie-list-shortcode\">\n<ul>\n<li><strong>A\u00e9roport :<\/strong> Toulouse \u00e0 90 km.<\/li>\n<\/ul>\n<\/div>\n<h4><strong>M\u00e9dia<\/strong><\/h4>\n<div class=\"starlist tie-list-shortcode\">\n<ul>\n<li><strong><a href=\"https:\/\/skyzup.com\/360\/pro\/csecaf\/link\/63628238b8437\">Vid\u00e9o de pr\u00e9sentation<\/a><br \/>\n<\/strong><\/li>\n<li><a href=\"https:\/\/youtu.be\/qijf0938LNc\"><strong>Visite virtuelle 360\u00b0<\/strong><\/a><\/li>\n<\/ul>\n<\/div>\n<p><em>Les informations du site institutionnel n&rsquo;ont pas de valeurs contractuelles. Veuillez vous r\u00e9f\u00e9rer au programme sur <span class=\"highlight highlight-orange\"> <a style=\"color: #ffffff;\" href=\"https:\/\/panorama.cceaf.fr\" target=\"_blank\" rel=\"noopener\">\u00a0Panoram@\u00a0<\/a> <\/span>.<\/em><\/p>\n<p><iframe loading=\"lazy\" style=\"border: 0;\" src=\"https:\/\/www.google.com\/maps\/embed?pb=!1m18!1m12!1m3!1d45859.05983072026!2d1.72411545!3d44.0794065!2m3!1f0!2f0!3f0!3m2!1i1024!2i768!4f13.1!3m3!1m2!1s0x12ac3626962b0f69%3A0x5341af0197e86739!2sPenne!5e0!3m2!1sfr!2sfr!4v1440516830790\" width=\"600\" height=\"450\" frameborder=\"0\" allowfullscreen=\"allowfullscreen\"><\/iframe><\/p>\n","protected":false},"excerpt":{"rendered":"<p>Eaux vives, sp\u00e9l\u00e9ologie, astronomie&#8230; au coeur des gorges de l\u2019Aveyron. Dans la campagne verdoyante des gorges de l\u2019Aveyron, au d\u00e9tour d\u2019une route ombrag\u00e9e se niche le petit village de Penne-du-Tarn. Avec ses ruelles \u00e9troites, son vieux ch\u00e2teau juch\u00e9 sur le promontoire de la plus haute colline, ce bourg a fi\u00e8re allure\u2026 C\u2019est l\u00e0, plus loin &hellip;<\/p>\n","protected":false},"author":9,"featured_media":1386,"parent":175,"menu_order":0,"comment_status":"closed","ping_status":"closed","template":"","meta":{"footnotes":""},"_links":{"self":[{"href":"https:\/\/www.csecaf.fr\/index.php?rest_route=\/wp\/v2\/pages\/237"}],"collection":[{"href":"https:\/\/www.csecaf.fr\/index.php?rest_route=\/wp\/v2\/pages"}],"about":[{"href":"https:\/\/www.csecaf.fr\/index.php?rest_route=\/wp\/v2\/types\/page"}],"author":[{"embeddable":true,"href":"https:\/\/www.csecaf.fr\/index.php?rest_route=\/wp\/v2\/users\/9"}],"replies":[{"embeddable":true,"href":"https:\/\/www.csecaf.fr\/index.php?rest_route=%2Fwp%2Fv2%2Fcomments&post=237"}],"version-history":[{"count":15,"href":"https:\/\/www.csecaf.fr\/index.php?rest_route=\/wp\/v2\/pages\/237\/revisions"}],"predecessor-version":[{"id":4484,"href":"https:\/\/www.csecaf.fr\/index.php?rest_route=\/wp\/v2\/pages\/237\/revisions\/4484"}],"up":[{"embeddable":true,"href":"https:\/\/www.csecaf.fr\/index.php?rest_route=\/wp\/v2\/pages\/175"}],"wp:featuredmedia":[{"embeddable":true,"href":"https:\/\/www.csecaf.fr\/index.php?rest_route=\/wp\/v2\/media\/1386"}],"wp:attachment":[{"href":"https:\/\/www.csecaf.fr\/index.php?rest_route=%2Fwp%2Fv2%2Fmedia&parent=237"}],"curies":[{"name":"wp","href":"https:\/\/api.w.org\/{rel}","templated":true}]}}

<p><span style="color: #0284ab; font-size: 14px;"><strong>Eaux vives, spéléologie, astronomie&#8230; au coeur des gorges de l’Aveyron.<br />
Dans la campagne verdoyante des gorges de l’Aveyron, au détour d’une route ombragée se niche le petit village de Penne-du-Tarn. Avec ses ruelles étroites, son vieux château juché sur le promontoire de la plus haute colline, ce bourg a fière allure… C’est là, plus loin sur la route communale, que le village jeunes se cache. Ici les mordus d’eaux vives peuvent s’essayer aux joies et aux sensations fortes du rafting. D’autres préfèreront s’engouffrer dans les profondeurs des gorges et s’adonner à la pratique de la spéléologie. Après les randonnées pédestres et autres courses de VTT, les soirées seront propices à laisser sa tête se perdre dans les étoiles. La claire voûte étoilée est une invitation à la découverte de l’astronomie.</strong></span></p>
<h4><strong>Propriété</strong></h4>
<div class="starlist tie-list-shortcode">
<ul>
<li><strong>Capacité d’accueil :</strong> 60 lits pour une superficie : 10,4 hectares.</li>
</ul>
</div>
<h4><strong>Hébergement</strong></h4>
<div class="starlist tie-list-shortcode">
<ul>
<li>Bungalows de 6 lits.</li>
</ul>
</div>
<h4><strong>Infrastructure et loisirs</strong></h4>
<div class="starlist tie-list-shortcode">
<ul>
<li>Bergerie.</li>
<li>Salle d’activités.</li>
</ul>
</div>
<h4><strong>Accès</strong></h4>
<div class="starlist tie-list-shortcode">
<ul>
<li><strong>Aéroport :</strong> Toulouse à 90 km.</li>
</ul>
</div>
<h4><strong>Média</strong></h4>
<div class="starlist tie-list-shortcode">
<ul>
<li><strong><a href="https://skyzup.com/360/pro/csecaf/link/63628238b8437">Vidéo de présentation</a><br />
</strong></li>
<li><a href="https://youtu.be/qijf0938LNc"><strong>Visite virtuelle 360°</strong></a></li>
</ul>
</div>
<p><em>Les informations du site institutionnel n&rsquo;ont pas de valeurs contractuelles. Veuillez vous référer au programme sur <span class="highlight highlight-orange"> <a style="color: #ffffff;" href="https://panorama.cceaf.fr" target="_blank" rel="noopener"> Panoram@ </a> </span>.</em></p>
<p><iframe loading="lazy" style="border: 0;" src="https://www.google.com/maps/embed?pb=!1m18!1m12!1m3!1d45859.05983072026!2d1.72411545!3d44.0794065!2m3!1f0!2f0!3f0!3m2!1i1024!2i768!4f13.1!3m3!1m2!1s0x12ac3626962b0f69%3A0x5341af0197e86739!2sPenne!5e0!3m2!1sfr!2sfr!4v1440516830790" width="600" height="450" frameborder="0" allowfullscreen="allowfullscreen"></iframe></p>

<p>Eaux vives, spéléologie, astronomie&#8230; au coeur des gorges de l’Aveyron. Dans la campagne verdoyante des gorges de l’Aveyron, au détour d’une route ombragée se niche le petit village de Penne-du-Tarn. Avec ses ruelles étroites, son vieux château juché sur le promontoire de la plus haute colline, ce bourg a fière allure… C’est là, plus loin &hellip;</p>
