{"id":233,"date":"2015-08-15T00:00:27","date_gmt":"2015-08-14T23:00:27","guid":{"rendered":"https:\/\/institutionnel.cceaf.fr\/?page_id=233"},"modified":"2023-03-27T10:48:49","modified_gmt":"2023-03-27T09:48:49","slug":"mios-gironde","status":"publish","type":"page","link":"https:\/\/www.csecaf.fr\/?page_id=233","title":{"rendered":"Mios (Gironde)"},"content":{"rendered":"<p><span style=\"color: #0284ab; font-size: 14px;\"><strong>Nich\u00e9 dans la pin\u00e8de et pr\u00e8s de l\u2019oc\u00e9an.<br \/>\nPrenez \u201cl\u2019Eyre\u201d dans le Sud-Ouest ! du vert \u00e0 perte de vue et une odeur de pins saisissante\u2026 Les premi\u00e8res sensations annoncent les couleurs g\u00e9n\u00e9reuses de la Gironde, une r\u00e9gion au patrimoine naturel riche et vari\u00e9. Cach\u00e9 en pleine for\u00eat landaise, dans le Parc r\u00e9gional des Landes de Gascogne, le village enfants de Mios offre une multitude d\u2019activit\u00e9s aux passionn\u00e9s de nature. Cano\u00eb-kayak en rivi\u00e8re sur l\u2019Eyre, randonn\u00e9es p\u00e9destres ou de VTT, vous n\u2019avez que l\u2019embarras du choix. Situ\u00e9s entre Bordeaux et le bassin d\u2019Arcachon, les centres \u00e9questres, nombreux dans cette r\u00e9gion, satisferont les jeunes cavaliers.<\/strong><\/span><\/p>\n<h4><strong>Propri\u00e9t\u00e9<\/strong><\/h4>\n<div class=\"starlist tie-list-shortcode\">\n<ul>\n<li>Capacit\u00e9 d\u2019accueil : 120 lits pour une superficie de 2,3 hectares.<\/li>\n<\/ul>\n<\/div>\n<h4><strong>H\u00e9bergement<\/strong><\/h4>\n<div class=\"starlist tie-list-shortcode\">\n<ul>\n<li>Chambres de 6 lits r\u00e9parties dans 3 pavillons.<\/li>\n<\/ul>\n<\/div>\n<h4><strong>Infrastructure de loisirs<\/strong><\/h4>\n<div class=\"starlist tie-list-shortcode\">\n<ul>\n<li>Salles d\u2019activit\u00e9s.<\/li>\n<li>Piscine.<\/li>\n<\/ul>\n<\/div>\n<h4><strong>Acc\u00e8s<\/strong><\/h4>\n<div class=\"starlist tie-list-shortcode\">\n<ul>\n<li><strong>A\u00e9roport :<\/strong> Bordeaux \u00e0 40 km.<\/li>\n<\/ul>\n<\/div>\n<h4><strong>M\u00e9dias<\/strong><\/h4>\n<div class=\"starlist tie-list-shortcode\">\n<ul>\n<li><strong><a href=\"https:\/\/youtu.be\/dVhTua8AbIs\">Vid\u00e9o de pr\u00e9sentation<\/a><br \/>\n<\/strong><\/li>\n<li><a href=\"https:\/\/skyzup.com\/360\/pro\/csecaf\/link\/63628150c9ea8\"><strong>Visite virtuelle 360\u00b0<\/strong><\/a><\/li>\n<\/ul>\n<\/div>\n<p><em>Les informations du site institutionnel n&rsquo;ont pas de valeurs contractuelles. Veuillez vous r\u00e9f\u00e9rer au programme sur <span class=\"highlight highlight-orange\"> <a style=\"color: #ffffff;\" href=\"https:\/\/panorama.cceaf.fr\" target=\"_blank\" rel=\"noopener\">Panoram@<\/a> <\/span>.<\/em><\/p>\n<p><iframe loading=\"lazy\" style=\"border: 0;\" src=\"https:\/\/www.google.com\/maps\/embed?pb=!1m18!1m12!1m3!1d2840.888133791328!2d-0.9328226000000001!3d44.59931340000001!2m3!1f0!2f0!3f0!3m2!1i1024!2i768!4f13.1!3m3!1m2!1s0xd549312473ccc67%3A0xeaf38f293e12bfa1!2sAll%C3%A9e+de+Saint-Brice%2C+33380+Mios!5e0!3m2!1sfr!2sfr!4v1440516680819\" width=\"600\" height=\"450\" frameborder=\"0\" allowfullscreen=\"allowfullscreen\"><\/iframe><\/p>\n","protected":false},"excerpt":{"rendered":"<p>Nich\u00e9 dans la pin\u00e8de et pr\u00e8s de l\u2019oc\u00e9an. Prenez \u201cl\u2019Eyre\u201d dans le Sud-Ouest ! du vert \u00e0 perte de vue et une odeur de pins saisissante\u2026 Les premi\u00e8res sensations annoncent les couleurs g\u00e9n\u00e9reuses de la Gironde, une r\u00e9gion au patrimoine naturel riche et vari\u00e9. Cach\u00e9 en pleine for\u00eat landaise, dans le Parc r\u00e9gional des Landes &hellip;<\/p>\n","protected":false},"author":9,"featured_media":792,"parent":173,"menu_order":0,"comment_status":"closed","ping_status":"closed","template":"","meta":{"footnotes":""},"_links":{"self":[{"href":"https:\/\/www.csecaf.fr\/index.php?rest_route=\/wp\/v2\/pages\/233"}],"collection":[{"href":"https:\/\/www.csecaf.fr\/index.php?rest_route=\/wp\/v2\/pages"}],"about":[{"href":"https:\/\/www.csecaf.fr\/index.php?rest_route=\/wp\/v2\/types\/page"}],"author":[{"embeddable":true,"href":"https:\/\/www.csecaf.fr\/index.php?rest_route=\/wp\/v2\/users\/9"}],"replies":[{"embeddable":true,"href":"https:\/\/www.csecaf.fr\/index.php?rest_route=%2Fwp%2Fv2%2Fcomments&post=233"}],"version-history":[{"count":13,"href":"https:\/\/www.csecaf.fr\/index.php?rest_route=\/wp\/v2\/pages\/233\/revisions"}],"predecessor-version":[{"id":4483,"href":"https:\/\/www.csecaf.fr\/index.php?rest_route=\/wp\/v2\/pages\/233\/revisions\/4483"}],"up":[{"embeddable":true,"href":"https:\/\/www.csecaf.fr\/index.php?rest_route=\/wp\/v2\/pages\/173"}],"wp:featuredmedia":[{"embeddable":true,"href":"https:\/\/www.csecaf.fr\/index.php?rest_route=\/wp\/v2\/media\/792"}],"wp:attachment":[{"href":"https:\/\/www.csecaf.fr\/index.php?rest_route=%2Fwp%2Fv2%2Fmedia&parent=233"}],"curies":[{"name":"wp","href":"https:\/\/api.w.org\/{rel}","templated":true}]}}