{"id":217,"date":"2015-08-15T00:00:35","date_gmt":"2015-08-14T23:00:35","guid":{"rendered":"https:\/\/institutionnel.cceaf.fr\/?page_id=217"},"modified":"2023-03-27T10:48:27","modified_gmt":"2023-03-27T09:48:27","slug":"air-pins-gironde","status":"publish","type":"page","link":"https:\/\/www.csecaf.fr\/?page_id=217","title":{"rendered":"Air Pins (Gironde)"},"content":{"rendered":"<p><span style=\"color: #0284ab; font-size: 14px;\"><strong>Au coeur de la for\u00eat landaise, une propri\u00e9t\u00e9 propice aux tout-petits (4-5 ans).<br \/>\nA quelques kilom\u00e8tres des c\u00f4tes de l\u2019Atlantique, situ\u00e9 en pleine for\u00eat landaise, dans le village de Mios.<br \/>\nParticuli\u00e8rement bien adapt\u00e9 \u00e0 la petite enfance aussi bien du point de vue des infrastructures que par sa position g\u00e9ographique, l\u2019\u00e9tablissement allie confort et s\u00e9curit\u00e9. Ce village enfants est propice \u00e0 l\u2019accueil des tout-petits. Toutes les infrastructures ont \u00e9t\u00e9 sp\u00e9cialement con\u00e7ues pour faciliter le quotidien des enfants : lits, sanitaires, mobiliers\u2026 tout est \u00e0 leur taille. Dans un cadre paisible, ils apprennent les gestes de la vie quotidienne, mais pas seulement. L\u2019environnement s\u2019appr\u00eate \u00e0 la d\u00e9couverte des animaux de la ferme, \u00e0 des balades bucoliques ou encore \u00e0 des jeux aquatiques. La dune du Pilat, la plus grande formation sableuse d\u2019Europe, est l\u2019une des repr\u00e9sentations uniques qui incarnent l\u2019univers du bassin d\u2019Arcachon.<\/strong><\/span><\/p>\n<h4><strong>Propri\u00e9t\u00e9<\/strong><\/h4>\n<div class=\"starlist tie-list-shortcode\">\n<ul>\n<li><strong>Capacit\u00e9 d\u2019accueil :<\/strong> 60 lits pour une uperficie de 1,4 hectare.<\/li>\n<\/ul>\n<\/div>\n<h4><strong>H\u00e9bergement<\/strong><\/h4>\n<div class=\"starlist tie-list-shortcode\">\n<ul>\n<li>Chambres de 4 lits r\u00e9parties dans 3 b\u00e2timents.<\/li>\n<\/ul>\n<\/div>\n<h4><strong>Infrastructure et loisirs<\/strong><\/h4>\n<div class=\"starlist tie-list-shortcode\">\n<ul>\n<li>Salles d\u2019activit\u00e9s.<\/li>\n<li>Pataugeoire.<\/li>\n<li>Aire de jeux dans le parc.<\/li>\n<\/ul>\n<\/div>\n<h4><strong>Acc\u00e8s<\/strong><\/h4>\n<div class=\"starlist tie-list-shortcode\">\n<ul>\n<li><strong>A\u00e9roport :<\/strong> Bordeaux \u00e0 40 km.<\/li>\n<li><strong>Gare TGV :<\/strong> Bordeaux.<\/li>\n<\/ul>\n<\/div>\n<h4><strong>M\u00e9dias<\/strong><\/h4>\n<div class=\"starlist tie-list-shortcode\">\n<ul>\n<li><strong><a href=\"https:\/\/youtu.be\/dVhTua8AbIs\">Vid\u00e9o de pr\u00e9sentation<\/a><br \/>\n<\/strong><\/li>\n<li><strong><a href=\"https:\/\/skyzup.com\/360\/pro\/csecaf\/link\/6362811e334fd\">Visite virtuelle 360\u00b0<\/a><br \/>\n<\/strong><\/li>\n<\/ul>\n<\/div>\n<p><em>Les informations du site institutionnel n&rsquo;ont pas de valeurs contractuelles. Veuillez vous r\u00e9f\u00e9rer au programme sur <span class=\"highlight highlight-orange\"> <a style=\"color: #ffffff;\" href=\"https:\/\/panorama.cceaf.fr\" target=\"_blank\" rel=\"noopener\">\u00a0Panoram@\u00a0<\/a> <\/span>.<\/em><\/p>\n<p><iframe loading=\"lazy\" style=\"border: 0;\" src=\"https:\/\/www.google.com\/maps\/embed?pb=!1m18!1m12!1m3!1d710.1973964630138!2d-0.9350201000000001!3d44.6013289!2m3!1f0!2f0!3f0!3m2!1i1024!2i768!4f13.1!3m3!1m2!1s0xd54930d6f25ca05%3A0x61ea1201076e1077!2s8+All%C3%A9e+de+Saint-Brice%2C+33380+Mios!5e0!3m2!1sfr!2sfr!4v1440516589154\" width=\"600\" height=\"450\" frameborder=\"0\" allowfullscreen=\"allowfullscreen\"><\/iframe><\/p>\n","protected":false},"excerpt":{"rendered":"<p>Au coeur de la for\u00eat landaise, une propri\u00e9t\u00e9 propice aux tout-petits (4-5 ans). A quelques kilom\u00e8tres des c\u00f4tes de l\u2019Atlantique, situ\u00e9 en pleine for\u00eat landaise, dans le village de Mios. Particuli\u00e8rement bien adapt\u00e9 \u00e0 la petite enfance aussi bien du point de vue des infrastructures que par sa position g\u00e9ographique, l\u2019\u00e9tablissement allie confort et s\u00e9curit\u00e9. &hellip;<\/p>\n","protected":false},"author":9,"featured_media":597,"parent":175,"menu_order":0,"comment_status":"closed","ping_status":"closed","template":"","meta":{"footnotes":""},"_links":{"self":[{"href":"https:\/\/www.csecaf.fr\/index.php?rest_route=\/wp\/v2\/pages\/217"}],"collection":[{"href":"https:\/\/www.csecaf.fr\/index.php?rest_route=\/wp\/v2\/pages"}],"about":[{"href":"https:\/\/www.csecaf.fr\/index.php?rest_route=\/wp\/v2\/types\/page"}],"author":[{"embeddable":true,"href":"https:\/\/www.csecaf.fr\/index.php?rest_route=\/wp\/v2\/users\/9"}],"replies":[{"embeddable":true,"href":"https:\/\/www.csecaf.fr\/index.php?rest_route=%2Fwp%2Fv2%2Fcomments&post=217"}],"version-history":[{"count":22,"href":"https:\/\/www.csecaf.fr\/index.php?rest_route=\/wp\/v2\/pages\/217\/revisions"}],"predecessor-version":[{"id":4482,"href":"https:\/\/www.csecaf.fr\/index.php?rest_route=\/wp\/v2\/pages\/217\/revisions\/4482"}],"up":[{"embeddable":true,"href":"https:\/\/www.csecaf.fr\/index.php?rest_route=\/wp\/v2\/pages\/175"}],"wp:featuredmedia":[{"embeddable":true,"href":"https:\/\/www.csecaf.fr\/index.php?rest_route=\/wp\/v2\/media\/597"}],"wp:attachment":[{"href":"https:\/\/www.csecaf.fr\/index.php?rest_route=%2Fwp%2Fv2%2Fmedia&parent=217"}],"curies":[{"name":"wp","href":"https:\/\/api.w.org\/{rel}","templated":true}]}}

<p><span style="color: #0284ab; font-size: 14px;"><strong>Au coeur de la forêt landaise, une propriété propice aux tout-petits (4-5 ans).<br />
A quelques kilomètres des côtes de l’Atlantique, situé en pleine forêt landaise, dans le village de Mios.<br />
Particulièrement bien adapté à la petite enfance aussi bien du point de vue des infrastructures que par sa position géographique, l’établissement allie confort et sécurité. Ce village enfants est propice à l’accueil des tout-petits. Toutes les infrastructures ont été spécialement conçues pour faciliter le quotidien des enfants : lits, sanitaires, mobiliers… tout est à leur taille. Dans un cadre paisible, ils apprennent les gestes de la vie quotidienne, mais pas seulement. L’environnement s’apprête à la découverte des animaux de la ferme, à des balades bucoliques ou encore à des jeux aquatiques. La dune du Pilat, la plus grande formation sableuse d’Europe, est l’une des représentations uniques qui incarnent l’univers du bassin d’Arcachon.</strong></span></p>
<h4><strong>Propriété</strong></h4>
<div class="starlist tie-list-shortcode">
<ul>
<li><strong>Capacité d’accueil :</strong> 60 lits pour une uperficie de 1,4 hectare.</li>
</ul>
</div>
<h4><strong>Hébergement</strong></h4>
<div class="starlist tie-list-shortcode">
<ul>
<li>Chambres de 4 lits réparties dans 3 bâtiments.</li>
</ul>
</div>
<h4><strong>Infrastructure et loisirs</strong></h4>
<div class="starlist tie-list-shortcode">
<ul>
<li>Salles d’activités.</li>
<li>Pataugeoire.</li>
<li>Aire de jeux dans le parc.</li>
</ul>
</div>
<h4><strong>Accès</strong></h4>
<div class="starlist tie-list-shortcode">
<ul>
<li><strong>Aéroport :</strong> Bordeaux à 40 km.</li>
<li><strong>Gare TGV :</strong> Bordeaux.</li>
</ul>
</div>
<h4><strong>Médias</strong></h4>
<div class="starlist tie-list-shortcode">
<ul>
<li><strong><a href="https://youtu.be/dVhTua8AbIs">Vidéo de présentation</a><br />
</strong></li>
<li><strong><a href="https://skyzup.com/360/pro/csecaf/link/6362811e334fd">Visite virtuelle 360°</a><br />
</strong></li>
</ul>
</div>
<p><em>Les informations du site institutionnel n&rsquo;ont pas de valeurs contractuelles. Veuillez vous référer au programme sur <span class="highlight highlight-orange"> <a style="color: #ffffff;" href="https://panorama.cceaf.fr" target="_blank" rel="noopener"> Panoram@ </a> </span>.</em></p>
<p><iframe loading="lazy" style="border: 0;" src="https://www.google.com/maps/embed?pb=!1m18!1m12!1m3!1d710.1973964630138!2d-0.9350201000000001!3d44.6013289!2m3!1f0!2f0!3f0!3m2!1i1024!2i768!4f13.1!3m3!1m2!1s0xd54930d6f25ca05%3A0x61ea1201076e1077!2s8+All%C3%A9e+de+Saint-Brice%2C+33380+Mios!5e0!3m2!1sfr!2sfr!4v1440516589154" width="600" height="450" frameborder="0" allowfullscreen="allowfullscreen"></iframe></p>

<p>Au coeur de la forêt landaise, une propriété propice aux tout-petits (4-5 ans). A quelques kilomètres des côtes de l’Atlantique, situé en pleine forêt landaise, dans le village de Mios. Particulièrement bien adapté à la petite enfance aussi bien du point de vue des infrastructures que par sa position géographique, l’établissement allie confort et sécurité. &hellip;</p>
