{"id":186,"date":"2015-08-15T00:00:45","date_gmt":"2015-08-14T23:00:45","guid":{"rendered":"https:\/\/institutionnel.cceaf.fr\/?page_id=186"},"modified":"2026-04-23T06:32:18","modified_gmt":"2026-04-23T05:32:18","slug":"saint-georges-de-didonne-charente-maritime","status":"publish","type":"page","link":"https:\/\/www.csecaf.fr\/?page_id=186","title":{"rendered":"Les Bleus de l&rsquo;Oc\u00e9an (Charente-Maritime)"},"content":{"rendered":"<table style=\"border: 0px;\" width=\"100%\" cellspacing=\"0\" cellpadding=\"0\">\n<tbody>\n<tr>\n<td><span style=\"color: #0284ab;\"><strong>Bienvenue aux Bleus de l\u2019Oc\u00e9an ! R\u00e9invent\u00e9 avec la volont\u00e9 de cr\u00e9er des espaces modernes, confortables et respectueuses de la nature et des \u00e9cosyst\u00e8mes, le village vacances vous attend pour un s\u00e9jour assur\u00e9ment vert et serein. Ici, les mobil-homes, \u00e0 la fois design, haut de gammes et \u00e9co-responsables, sont compos\u00e9s \u00e0 90% de bois issus de for\u00eats \u00e9co-g\u00e9r\u00e9es, re\u00e7yclables \u00e0 100% et produits en circuits-court avec des usines implant\u00e9es en France. De quoi profiter pleinement de vacances en immersion entre mer et for\u00eat. Ici, on prend le temps de vivre, d\u2019observer, de respirer\u2026 avec la nature\u2026 et avec la famille, les enfants, les amis.<\/strong><\/span><\/td>\n<td width=\"10%\"><\/td>\n<\/tr>\n<\/tbody>\n<\/table>\n<h4><strong>L&rsquo;h\u00e9bergement<\/strong><\/h4>\n<p><strong>49 mobil-homes<\/strong> <strong>de 4 \u00e0 6 places maximum dont 2 sont sp\u00e9cialement am\u00e9nag\u00e9s pour accueillir des personnes \u00e0 mobilit\u00e9 r\u00e9duite.<\/strong><\/p>\n<p>&#8211; Les mobil-homes 4 personnes font 40m\u00b2, et sont \u00e9quip\u00e9s de 2 chambres XXL chacune \u00e9quip\u00e9e d&rsquo;une salle de bain (avec douche et sanitaire), 1 pi\u00e8ce de vie.<\/p>\n<p>&#8211; Les mobil-homes 6 personnes font 40m\u00b2, et sont \u00e9quip\u00e9s de 3 chambres, dont 2 sont \u00e9quip\u00e9es d&rsquo;une salle de bain (avec douche et sanitaire), 1 pi\u00e8ce de vie.<\/p>\n<p>Avec ses mat\u00e9riaux eco-responsables et un design \u00e0 la fois \u00e9l\u00e9gant et discret, les mobil-homes,<strong> tous am\u00e9nag\u00e9s d&rsquo;une terrasse ombrag\u00e9e privative<\/strong>, se fondent dans le paysage\u2026 offrant ainsi au regard, douceur et apaisement.<\/p>\n<h4><strong>Infrastuctures et loisirs<br \/>\n<\/strong><\/h4>\n<div class=\"starlist tie-list-shortcode\">\n<ul>\n<li>Piscine couverte non chauff\u00e9e.<\/li>\n<li>Bar avec piste de danse.<\/li>\n<li>Salle de spectacle.<\/li>\n<li>Salon TV.<\/li>\n<li>Aire de jeux.<\/li>\n<li>Courts de tennis, terrains de volley, de p\u00e9tanque et terrain mutisport.<\/li>\n<\/ul>\n<\/div>\n<p>Selon la saison, des animations, essentiellement de soir\u00e9e, vous sont propos\u00e9e du lundi au vendredi : dansantes, spectacle, animation musicale, intervenants&#8230;<\/p>\n<ul>\n<li><strong>Club enfants :<\/strong> pour les 4\/12 ans.<\/li>\n<\/ul>\n<h4><strong>Acc\u00e8s<\/strong><\/h4>\n<div class=\"starlist tie-list-shortcode\">\n<ul>\n<li><strong>A\u00e9roport :<\/strong> Bordeaux<\/li>\n<li><strong>Gare TGV :<\/strong> Royan.<\/li>\n<\/ul>\n<\/div>\n<h4><strong>M\u00e9dias<\/strong><\/h4>\n<div class=\"starlist tie-list-shortcode\">\n<ul>\n<li><strong><a href=\"https:\/\/youtu.be\/Goe_UKG1tuQ\">Vid\u00e9o de pr\u00e9sentation<\/a><br \/>\n<\/strong><\/li>\n<li><strong><a href=\"https:\/\/skyzup.com\/360\/pro\/csecaf\/link\/63627cfcd8ca3\">Visite virtuelle 360\u00b0<\/a><br \/>\n<\/strong><\/li>\n<\/ul>\n<\/div>\n<p><em>Les informations du site institutionnel n&rsquo;ont pas de valeurs contractuelles. Veuillez vous r\u00e9f\u00e9rer au programme sur <span class=\"highlight highlight-orange\"> <a style=\"color: #ffffff;\" href=\"https:\/\/panorama.cceaf.fr\" target=\"_blank\" rel=\"noopener\">\u00a0Panoram@\u00a0<\/a> <\/span>.<\/em><\/p>\n<p><iframe loading=\"lazy\" style=\"border: 0;\" src=\"https:\/\/www.google.com\/maps\/embed?pb=!1m18!1m12!1m3!1d2790.942155244119!2d-0.9955499999999999!3d45.6118064!2m3!1f0!2f0!3f0!3m2!1i1024!2i768!4f13.1!3m3!1m2!1s0x480175e612d95dd9%3A0x2cdbb9b02474e1f7!2sVillages+de+Vacances+du+Comit%C3%A9+Central+d'Entreprise+d'Air+France!5e0!3m2!1sfr!2sfr!4v1439970959871\" width=\"600\" height=\"450\" frameborder=\"0\" allowfullscreen=\"allowfullscreen\"><\/iframe><\/p>\n","protected":false},"excerpt":{"rendered":"<p>Bienvenue aux Bleus de l\u2019Oc\u00e9an ! R\u00e9invent\u00e9 avec la volont\u00e9 de cr\u00e9er des espaces modernes, confortables et respectueuses de la nature et des \u00e9cosyst\u00e8mes, le village vacances vous attend pour un s\u00e9jour assur\u00e9ment vert et serein. Ici, les mobil-homes, \u00e0 la fois design, haut de gammes et \u00e9co-responsables, sont compos\u00e9s \u00e0 90% de bois issus &hellip;<\/p>\n","protected":false},"author":9,"featured_media":0,"parent":171,"menu_order":0,"comment_status":"closed","ping_status":"closed","template":"","meta":{"footnotes":""},"_links":{"self":[{"href":"https:\/\/www.csecaf.fr\/index.php?rest_route=\/wp\/v2\/pages\/186"}],"collection":[{"href":"https:\/\/www.csecaf.fr\/index.php?rest_route=\/wp\/v2\/pages"}],"about":[{"href":"https:\/\/www.csecaf.fr\/index.php?rest_route=\/wp\/v2\/types\/page"}],"author":[{"embeddable":true,"href":"https:\/\/www.csecaf.fr\/index.php?rest_route=\/wp\/v2\/users\/9"}],"replies":[{"embeddable":true,"href":"https:\/\/www.csecaf.fr\/index.php?rest_route=%2Fwp%2Fv2%2Fcomments&post=186"}],"version-history":[{"count":51,"href":"https:\/\/www.csecaf.fr\/index.php?rest_route=\/wp\/v2\/pages\/186\/revisions"}],"predecessor-version":[{"id":5728,"href":"https:\/\/www.csecaf.fr\/index.php?rest_route=\/wp\/v2\/pages\/186\/revisions\/5728"}],"up":[{"embeddable":true,"href":"https:\/\/www.csecaf.fr\/index.php?rest_route=\/wp\/v2\/pages\/171"}],"wp:attachment":[{"href":"https:\/\/www.csecaf.fr\/index.php?rest_route=%2Fwp%2Fv2%2Fmedia&parent=186"}],"curies":[{"name":"wp","href":"https:\/\/api.w.org\/{rel}","templated":true}]}}

Les Bleus de l&rsquo;Océan (Charente-Maritime)

<table style="border: 0px;" width="100%" cellspacing="0" cellpadding="0">
<tbody>
<tr>
<td><span style="color: #0284ab;"><strong>Bienvenue aux Bleus de l’Océan ! Réinventé avec la volonté de créer des espaces modernes, confortables et respectueuses de la nature et des écosystèmes, le village vacances vous attend pour un séjour assurément vert et serein. Ici, les mobil-homes, à la fois design, haut de gammes et éco-responsables, sont composés à 90% de bois issus de forêts éco-gérées, reçyclables à 100% et produits en circuits-court avec des usines implantées en France. De quoi profiter pleinement de vacances en immersion entre mer et forêt. Ici, on prend le temps de vivre, d’observer, de respirer… avec la nature… et avec la famille, les enfants, les amis.</strong></span></td>
<td width="10%"></td>
</tr>
</tbody>
</table>
<h4><strong>L&rsquo;hébergement</strong></h4>
<p><strong>49 mobil-homes</strong> <strong>de 4 à 6 places maximum dont 2 sont spécialement aménagés pour accueillir des personnes à mobilité réduite.</strong></p>
<p>&#8211; Les mobil-homes 4 personnes font 40m², et sont équipés de 2 chambres XXL chacune équipée d&rsquo;une salle de bain (avec douche et sanitaire), 1 pièce de vie.</p>
<p>&#8211; Les mobil-homes 6 personnes font 40m², et sont équipés de 3 chambres, dont 2 sont équipées d&rsquo;une salle de bain (avec douche et sanitaire), 1 pièce de vie.</p>
<p>Avec ses matériaux eco-responsables et un design à la fois élégant et discret, les mobil-homes,<strong> tous aménagés d&rsquo;une terrasse ombragée privative</strong>, se fondent dans le paysage… offrant ainsi au regard, douceur et apaisement.</p>
<h4><strong>Infrastuctures et loisirs<br />
</strong></h4>
<div class="starlist tie-list-shortcode">
<ul>
<li>Piscine couverte non chauffée.</li>
<li>Bar avec piste de danse.</li>
<li>Salle de spectacle.</li>
<li>Salon TV.</li>
<li>Aire de jeux.</li>
<li>Courts de tennis, terrains de volley, de pétanque et terrain mutisport.</li>
</ul>
</div>
<p>Selon la saison, des animations, essentiellement de soirée, vous sont proposée du lundi au vendredi : dansantes, spectacle, animation musicale, intervenants&#8230;</p>
<ul>
<li><strong>Club enfants :</strong> pour les 4/12 ans.</li>
</ul>
<h4><strong>Accès</strong></h4>
<div class="starlist tie-list-shortcode">
<ul>
<li><strong>Aéroport :</strong> Bordeaux</li>
<li><strong>Gare TGV :</strong> Royan.</li>
</ul>
</div>
<h4><strong>Médias</strong></h4>
<div class="starlist tie-list-shortcode">
<ul>
<li><strong><a href="https://youtu.be/Goe_UKG1tuQ">Vidéo de présentation</a><br />
</strong></li>
<li><strong><a href="https://skyzup.com/360/pro/csecaf/link/63627cfcd8ca3">Visite virtuelle 360°</a><br />
</strong></li>
</ul>
</div>
<p><em>Les informations du site institutionnel n&rsquo;ont pas de valeurs contractuelles. Veuillez vous référer au programme sur <span class="highlight highlight-orange"> <a style="color: #ffffff;" href="https://panorama.cceaf.fr" target="_blank" rel="noopener"> Panoram@ </a> </span>.</em></p>
<p><iframe loading="lazy" style="border: 0;" src="https://www.google.com/maps/embed?pb=!1m18!1m12!1m3!1d2790.942155244119!2d-0.9955499999999999!3d45.6118064!2m3!1f0!2f0!3f0!3m2!1i1024!2i768!4f13.1!3m3!1m2!1s0x480175e612d95dd9%3A0x2cdbb9b02474e1f7!2sVillages+de+Vacances+du+Comit%C3%A9+Central+d'Entreprise+d'Air+France!5e0!3m2!1sfr!2sfr!4v1439970959871" width="600" height="450" frameborder="0" allowfullscreen="allowfullscreen"></iframe></p>

<p>Bienvenue aux Bleus de l’Océan ! Réinventé avec la volonté de créer des espaces modernes, confortables et respectueuses de la nature et des écosystèmes, le village vacances vous attend pour un séjour assurément vert et serein. Ici, les mobil-homes, à la fois design, haut de gammes et éco-responsables, sont composés à 90% de bois issus &hellip;</p>
