{"id":1735,"date":"2015-08-15T00:00:33","date_gmt":"2015-08-14T23:00:33","guid":{"rendered":"https:\/\/institutionnel.cceaf.fr\/?page_id=1735"},"modified":"2026-04-02T06:56:41","modified_gmt":"2026-04-02T05:56:41","slug":"lallocation-de-garde-denfants-age","status":"publish","type":"page","link":"https:\/\/www.csecaf.fr\/?page_id=1735","title":{"rendered":"L&rsquo;Allocation de garde d&rsquo;enfants (AGE)"},"content":{"rendered":"<h4><strong>B\u00e9n\u00e9ficiez de l&rsquo;Allocation de garde d&rsquo;enfants<\/strong><\/h4>\n<p>Vous \u00eates parent d\u2019un enfant \u00e2g\u00e9 de moins de 4 ans et vous utilisez un mode de garde agr\u00e9\u00e9 ?<br \/>\nSachez que vous pouvez pr\u00e9tendre \u00e0 l\u2019Allocation de Garde d\u2019Enfants (AGE). Soit une aide vers\u00e9e mensuellement <strong>d\u2019un montant de 5,50 \u20ac (au 1er avril 2026)<\/strong> par jour travaill\u00e9. <strong>Pour les enfants en situation de handicap :<\/strong> la limite d\u2019\u00e2ge est report\u00e9e jusqu\u2019au 6e anniversaire et sans condition de ressources.<\/p>\n<h4><strong>Quelles sont les conditions d\u2019attribution pour obtenir cette AGE ?<\/strong><\/h4>\n<div class=\"starlist tie-list-shortcode\">\n<ul>\n<li>Utiliser un mode de garde agr\u00e9\u00e9 : cr\u00e8che, assistante maternelle, employ\u00e9e familiale.<\/li>\n<li>Fournir les justificatifs de garde \u00e0 votre service de gestion.<\/li>\n<li>Votre conjoint ne b\u00e9n\u00e9ficie pas d&rsquo;une prime similaire de la part de son employeur.<\/li>\n<li>L\u2019AGE n\u2019est vers\u00e9e qu\u2019une fois, m\u00eame si les deux parents sont salari\u00e9s de la Compagnie.<\/li>\n<\/ul>\n<\/div>\n<p>Vos conditions de salaire ne d\u00e9passent pas les coefficients de r\u00e9mun\u00e9ration ci-dessous :<\/p>\n<div class=\"starlist tie-list-shortcode\">\n<ul>\n<li>556 points avec 1 enfant, 638 points avec 2 enfants, 755 points avec 3 enfants, 853 avec 4 enfants.<\/li>\n<li>Pour les cadres de niveau 2.2, les cadres du groupe 3 et les navigants, un coefficient de r\u00e9mun\u00e9ration sera reconstitu\u00e9 en fonction de leur r\u00e9mun\u00e9ration mensuelle.<\/li>\n<\/ul>\n<\/div>\n<p>L\u2019AGE est donc susceptible d\u2019\u00eatre per\u00e7ue par tout salari\u00e9 d&rsquo;Air France. Il suffit d\u2019en faire la demande aupr\u00e8s de votre service Gestion paie, car son attribution n\u2019est pas automatique.<\/p>\n<p><strong>Votre service gestion du Personnel pourra r\u00e9pondre \u00e0 vos questions, n\u2019h\u00e9sitez pas \u00e0 le consulter pour toutes informations compl\u00e9mentaires.<\/strong><\/p>\n<p>Faites-nous part de vos difficult\u00e9s \u00e9ventuelles en nous envoyant un mail \u00e0 : <a href=\"mailto:age@csecaf.fr\">age@csecaf.fr<\/a> en indiquant votre nom, pr\u00e9nom, matricule et secteur d\u2019activit\u00e9.<\/p>\n","protected":false},"excerpt":{"rendered":"<p>B\u00e9n\u00e9ficiez de l&rsquo;Allocation de garde d&rsquo;enfants Vous \u00eates parent d\u2019un enfant \u00e2g\u00e9 de moins de 4 ans et vous utilisez un mode de garde agr\u00e9\u00e9 ? Sachez que vous pouvez pr\u00e9tendre \u00e0 l\u2019Allocation de Garde d\u2019Enfants (AGE). Soit une aide vers\u00e9e mensuellement d\u2019un montant de 5,50 \u20ac (au 1er avril 2026) par jour travaill\u00e9. Pour &hellip;<\/p>\n","protected":false},"author":9,"featured_media":2314,"parent":98,"menu_order":0,"comment_status":"closed","ping_status":"closed","template":"","meta":{"footnotes":""},"_links":{"self":[{"href":"https:\/\/www.csecaf.fr\/index.php?rest_route=\/wp\/v2\/pages\/1735"}],"collection":[{"href":"https:\/\/www.csecaf.fr\/index.php?rest_route=\/wp\/v2\/pages"}],"about":[{"href":"https:\/\/www.csecaf.fr\/index.php?rest_route=\/wp\/v2\/types\/page"}],"author":[{"embeddable":true,"href":"https:\/\/www.csecaf.fr\/index.php?rest_route=\/wp\/v2\/users\/9"}],"replies":[{"embeddable":true,"href":"https:\/\/www.csecaf.fr\/index.php?rest_route=%2Fwp%2Fv2%2Fcomments&post=1735"}],"version-history":[{"count":7,"href":"https:\/\/www.csecaf.fr\/index.php?rest_route=\/wp\/v2\/pages\/1735\/revisions"}],"predecessor-version":[{"id":5707,"href":"https:\/\/www.csecaf.fr\/index.php?rest_route=\/wp\/v2\/pages\/1735\/revisions\/5707"}],"up":[{"embeddable":true,"href":"https:\/\/www.csecaf.fr\/index.php?rest_route=\/wp\/v2\/pages\/98"}],"wp:featuredmedia":[{"embeddable":true,"href":"https:\/\/www.csecaf.fr\/index.php?rest_route=\/wp\/v2\/media\/2314"}],"wp:attachment":[{"href":"https:\/\/www.csecaf.fr\/index.php?rest_route=%2Fwp%2Fv2%2Fmedia&parent=1735"}],"curies":[{"name":"wp","href":"https:\/\/api.w.org\/{rel}","templated":true}]}}

<h4><strong>Bénéficiez de l&rsquo;Allocation de garde d&rsquo;enfants</strong></h4>
<p>Vous êtes parent d’un enfant âgé de moins de 4 ans et vous utilisez un mode de garde agréé ?<br />
Sachez que vous pouvez prétendre à l’Allocation de Garde d’Enfants (AGE). Soit une aide versée mensuellement <strong>d’un montant de 5,50 € (au 1er avril 2026)</strong> par jour travaillé. <strong>Pour les enfants en situation de handicap :</strong> la limite d’âge est reportée jusqu’au 6e anniversaire et sans condition de ressources.</p>
<h4><strong>Quelles sont les conditions d’attribution pour obtenir cette AGE ?</strong></h4>
<div class="starlist tie-list-shortcode">
<ul>
<li>Utiliser un mode de garde agréé : crèche, assistante maternelle, employée familiale.</li>
<li>Fournir les justificatifs de garde à votre service de gestion.</li>
<li>Votre conjoint ne bénéficie pas d&rsquo;une prime similaire de la part de son employeur.</li>
<li>L’AGE n’est versée qu’une fois, même si les deux parents sont salariés de la Compagnie.</li>
</ul>
</div>
<p>Vos conditions de salaire ne dépassent pas les coefficients de rémunération ci-dessous :</p>
<div class="starlist tie-list-shortcode">
<ul>
<li>556 points avec 1 enfant, 638 points avec 2 enfants, 755 points avec 3 enfants, 853 avec 4 enfants.</li>
<li>Pour les cadres de niveau 2.2, les cadres du groupe 3 et les navigants, un coefficient de rémunération sera reconstitué en fonction de leur rémunération mensuelle.</li>
</ul>
</div>
<p>L’AGE est donc susceptible d’être perçue par tout salarié d&rsquo;Air France. Il suffit d’en faire la demande auprès de votre service Gestion paie, car son attribution n’est pas automatique.</p>
<p><strong>Votre service gestion du Personnel pourra répondre à vos questions, n’hésitez pas à le consulter pour toutes informations complémentaires.</strong></p>
<p>Faites-nous part de vos difficultés éventuelles en nous envoyant un mail à : <a href="mailto:age@csecaf.fr">age@csecaf.fr</a> en indiquant votre nom, prénom, matricule et secteur d’activité.</p>

<p>Bénéficiez de l&rsquo;Allocation de garde d&rsquo;enfants Vous êtes parent d’un enfant âgé de moins de 4 ans et vous utilisez un mode de garde agréé ? Sachez que vous pouvez prétendre à l’Allocation de Garde d’Enfants (AGE). Soit une aide versée mensuellement d’un montant de 5,50 € (au 1er avril 2026) par jour travaillé. Pour &hellip;</p>
