{"id":1733,"date":"2015-08-15T00:00:09","date_gmt":"2015-08-14T23:00:09","guid":{"rendered":"https:\/\/institutionnel.cceaf.fr\/?page_id=1733"},"modified":"2020-08-19T12:55:01","modified_gmt":"2020-08-19T11:55:01","slug":"presentation","status":"publish","type":"page","link":"https:\/\/www.csecaf.fr\/?page_id=1733","title":{"rendered":"Pr\u00e9sentation"},"content":{"rendered":"<h4><strong>L\u2019historique<\/strong><\/h4>\n<p>Depuis 1999, l\u2019accord Accos sign\u00e9 entre les syndicats repr\u00e9sentatifs du personnel Air France et l\u2019entreprise stipule que la Compagnie s\u2019engage \u00e0 verser une somme \u00e9quivalente \u00e0 30 % de l\u2019allocation garde d\u2019enfant au CSEC pour l\u2019organisation de sa politique de la petite enfance.<\/p>\n<h4><strong>Un engagement mutuel<\/strong><\/h4>\n<p>Inscrire ses enfants dans l\u2019une des cr\u00e8ches implique des garanties des deux parties. Les parents s\u2019engagent \u00e0 amener leurs enfants \u00e0 la cr\u00e8che pour un nombre d\u2019heures mensuel au minimum ainsi qu\u2019\u00e0 les d\u00e9poser en horaires d\u00e9cal\u00e9s de fa\u00e7on r\u00e9guli\u00e8re. Cet engagement est essentiel pour la survie de ce type de cr\u00e8che, qui doit, selon les dispositifs de la CAF, assurer un taux de remplissage de 70 % au minimum et ce, \u00e0 toutes les heures de la journ\u00e9e.<\/p>\n<p>Avec les amplitudes d\u2019horaires propos\u00e9es, les cr\u00e8ches d\u00e9plorent parfois le comportement de certains parents qui, apr\u00e8s quelques mois d\u2019utilisation, n\u2019honorent plus leur engagement \u00ab\u00a0horaires\u00a0\u00bb et ont une f\u00e2cheuse tendance \u00e0 consid\u00e9rer la cr\u00e8che comme un d\u00e9pose minute.<\/p>\n<p>Pourtant, dans chacun de ces \u00e9tablissements, un tr\u00e8s grand travail p\u00e9dagogique est assur\u00e9 pour le plus grand respect du rythme du b\u00e9b\u00e9. Il est clair que plus le temps pass\u00e9 \u00e0 la cr\u00e8che sera r\u00e9gulier, mieux il s\u2019y sentira. Ainsi une tr\u00e8s grande attention est port\u00e9e aux phases d\u2019endormissement, le point n\u00e9gatif des horaires d\u00e9cal\u00e9s.Tout est effectivement mis en \u0153uvre pour que le b\u00e9b\u00e9 se sente en s\u00e9curit\u00e9, comme \u00e0 la maison.<\/p>\n<h4><strong>Les cr\u00e8ches<\/strong><\/h4>\n<p>Aujourd&rsquo;hui, le CSEC a r\u00e9serv\u00e9 des berceaux dans 3 cr\u00e8ches inter-entreprises :<\/p>\n<div class=\"starlist tie-list-shortcode\">\n<ul>\n<li>Les P&rsquo;tits loup&rsquo;ings, Orly.<\/li>\n<li>Les Globe-Trotteurs, Roissy : dans la zone a\u00e9roportuaire de l\u2019a\u00e9roport CDG. Cette cr\u00e8che est g\u00e9r\u00e9e par l\u2019association Cr\u00e8che Attitude.<\/li>\n<li>Maison bleue \u00ab\u00a0Les Mignonettes\u00a0\u00bb, Roissy : Roissyp\u00f4le le D\u00f4me.<\/li>\n<\/ul>\n<\/div>\n","protected":false},"excerpt":{"rendered":"<p>L\u2019historique Depuis 1999, l\u2019accord Accos sign\u00e9 entre les syndicats repr\u00e9sentatifs du personnel Air France et l\u2019entreprise stipule que la Compagnie s\u2019engage \u00e0 verser une somme \u00e9quivalente \u00e0 30 % de l\u2019allocation garde d\u2019enfant au CSEC pour l\u2019organisation de sa politique de la petite enfance. Un engagement mutuel Inscrire ses enfants dans l\u2019une des cr\u00e8ches implique &hellip;<\/p>\n","protected":false},"author":9,"featured_media":2643,"parent":98,"menu_order":1,"comment_status":"closed","ping_status":"closed","template":"","meta":{"footnotes":""},"_links":{"self":[{"href":"https:\/\/www.csecaf.fr\/index.php?rest_route=\/wp\/v2\/pages\/1733"}],"collection":[{"href":"https:\/\/www.csecaf.fr\/index.php?rest_route=\/wp\/v2\/pages"}],"about":[{"href":"https:\/\/www.csecaf.fr\/index.php?rest_route=\/wp\/v2\/types\/page"}],"author":[{"embeddable":true,"href":"https:\/\/www.csecaf.fr\/index.php?rest_route=\/wp\/v2\/users\/9"}],"replies":[{"embeddable":true,"href":"https:\/\/www.csecaf.fr\/index.php?rest_route=%2Fwp%2Fv2%2Fcomments&post=1733"}],"version-history":[{"count":9,"href":"https:\/\/www.csecaf.fr\/index.php?rest_route=\/wp\/v2\/pages\/1733\/revisions"}],"predecessor-version":[{"id":3920,"href":"https:\/\/www.csecaf.fr\/index.php?rest_route=\/wp\/v2\/pages\/1733\/revisions\/3920"}],"up":[{"embeddable":true,"href":"https:\/\/www.csecaf.fr\/index.php?rest_route=\/wp\/v2\/pages\/98"}],"wp:featuredmedia":[{"embeddable":true,"href":"https:\/\/www.csecaf.fr\/index.php?rest_route=\/wp\/v2\/media\/2643"}],"wp:attachment":[{"href":"https:\/\/www.csecaf.fr\/index.php?rest_route=%2Fwp%2Fv2%2Fmedia&parent=1733"}],"curies":[{"name":"wp","href":"https:\/\/api.w.org\/{rel}","templated":true}]}}