{"id":1678,"date":"2015-08-15T00:00:22","date_gmt":"2015-08-14T23:00:22","guid":{"rendered":"https:\/\/institutionnel.cceaf.fr\/?page_id=1678"},"modified":"2023-10-05T11:37:49","modified_gmt":"2023-10-05T10:37:49","slug":"leconomag","status":"publish","type":"page","link":"https:\/\/www.csecaf.fr\/?page_id=1678","title":{"rendered":"Economag"},"content":{"rendered":"<p><strong>Quels sont les grands d\u00e9bats \u00e9conomiques du transport a\u00e9rien ? Les positions du Bureau face aux probl\u00e9matiques de la compagnie ?<br \/>\n<\/strong><\/p>\n<p><strong>Soyez au fait de l\u2019actualit\u00e9 d&rsquo;Air France et retrouvez tous les enjeux trait\u00e9s dans les Newsletters et les articles disponibles sur notre site !<br \/>\n<\/strong><\/p>\n","protected":false},"excerpt":{"rendered":"<p>Quels sont les grands d\u00e9bats \u00e9conomiques du transport a\u00e9rien ? Les positions du Bureau face aux probl\u00e9matiques de la compagnie ? Soyez au fait de l\u2019actualit\u00e9 d&rsquo;Air France et retrouvez tous les enjeux trait\u00e9s dans les Newsletters et les articles disponibles sur notre site !<\/p>\n","protected":false},"author":9,"featured_media":1163,"parent":1268,"menu_order":0,"comment_status":"closed","ping_status":"closed","template":"","meta":{"footnotes":""},"_links":{"self":[{"href":"https:\/\/www.csecaf.fr\/index.php?rest_route=\/wp\/v2\/pages\/1678"}],"collection":[{"href":"https:\/\/www.csecaf.fr\/index.php?rest_route=\/wp\/v2\/pages"}],"about":[{"href":"https:\/\/www.csecaf.fr\/index.php?rest_route=\/wp\/v2\/types\/page"}],"author":[{"embeddable":true,"href":"https:\/\/www.csecaf.fr\/index.php?rest_route=\/wp\/v2\/users\/9"}],"replies":[{"embeddable":true,"href":"https:\/\/www.csecaf.fr\/index.php?rest_route=%2Fwp%2Fv2%2Fcomments&post=1678"}],"version-history":[{"count":10,"href":"https:\/\/www.csecaf.fr\/index.php?rest_route=\/wp\/v2\/pages\/1678\/revisions"}],"predecessor-version":[{"id":4422,"href":"https:\/\/www.csecaf.fr\/index.php?rest_route=\/wp\/v2\/pages\/1678\/revisions\/4422"}],"up":[{"embeddable":true,"href":"https:\/\/www.csecaf.fr\/index.php?rest_route=\/wp\/v2\/pages\/1268"}],"wp:featuredmedia":[{"embeddable":true,"href":"https:\/\/www.csecaf.fr\/index.php?rest_route=\/wp\/v2\/media\/1163"}],"wp:attachment":[{"href":"https:\/\/www.csecaf.fr\/index.php?rest_route=%2Fwp%2Fv2%2Fmedia&parent=1678"}],"curies":[{"name":"wp","href":"https:\/\/api.w.org\/{rel}","templated":true}]}}