{"id":164,"date":"2015-08-15T00:00:48","date_gmt":"2015-08-14T23:00:48","guid":{"rendered":"https:\/\/institutionnel.cceaf.fr\/?page_id=164"},"modified":"2023-10-05T10:37:43","modified_gmt":"2023-10-05T09:37:43","slug":"telechargements","status":"publish","type":"page","link":"https:\/\/www.csecaf.fr\/?page_id=164","title":{"rendered":"T\u00e9l\u00e9chargements"},"content":{"rendered":"<p><strong>Retrouvez toute l\u2019actualit\u00e9 du CSEC \u00e0 travers nos diff\u00e9rents m\u00e9dias.<\/strong><br \/>\nDans cette rubrique, t\u00e9l\u00e9chargez \u00ab\u00a0Panoram@ le Mag\u00a0\u00bb, visionnez des reportages vid\u00e9os, des photos&#8230;<\/p>\n<div class=\"clear\"><\/div><div style=\"margin-top:10px; margin-bottom:10px;\" class=\"divider divider-normal\"><\/div>\n<table style=\"padding: 0px; margin: 0px; margin-bottom: 20px; width: 100%; border: 0px;\">\n<tbody>\n<tr>\n<td style=\"vertical-align: bottom; width: 120px; text-align: center;\"><img decoding=\"async\" loading=\"lazy\" class=\"alignnone size-full wp-image-3952\" src=\"\/wp-content\/uploads\/2020\/12\/MagVOYAGES_8_102020-1.jpg\" alt=\"\" width=\"120\" height=\"170\" \/><\/td>\n<td style=\"padding-left: 15px; vertical-align: middle;\">\n<h4><strong>Panoram@ Mag Voyages<br \/>\n<\/strong><\/h4>\n<h5><a title=\"Revues Panoramag\" href=\"https:\/\/www.cceaf.fr\/?page_id=3240\"><b>Voir toutes les publications<\/b><\/a><\/h5>\n<\/td>\n<\/tr>\n<\/tbody>\n<\/table>\n<div class=\"clear\"><\/div><div style=\"margin-top:10px; margin-bottom:10px;\" class=\"divider divider-normal\"><\/div>\n<table style=\"padding: 0px; margin: 0px; margin-bottom: 20px; width: 100%; border: 0px;\">\n<tbody>\n<tr>\n<td style=\"vertical-align: bottom; width: 120px; text-align: center;\"><a href=\"\/wp-content\/uploads\/2019\/09\/MagECO_120-170.jpg\"><img decoding=\"async\" loading=\"lazy\" class=\"alignnone wp-image-3625 size-full\" src=\"\/wp-content\/uploads\/2019\/09\/MagECO_120-170.jpg\" alt=\"\" width=\"120\" height=\"170\" \/><\/a><\/td>\n<td style=\"padding-left: 15px; vertical-align: middle;\">\n<h4><strong>Le Mag Eco<br \/>\n<\/strong><\/h4>\n<h5><a title=\"Revues Panoramag\" href=\"https:\/\/www.cceaf.fr\/?page_id=3658\"><b>Voir toutes les publications<\/b><\/a><\/h5>\n<\/td>\n<\/tr>\n<\/tbody>\n<\/table>\n<div class=\"clear\"><\/div><div style=\"margin-top:10px; margin-bottom:10px;\" class=\"divider divider-normal\"><\/div>\n<table style=\"padding: 0px; margin: 0px; margin-bottom: 20px; width: 100%; border: 0px;\">\n<tbody>\n<tr>\n<td style=\"vertical-align: bottom; width: 120px; text-align: center;\"><a href=\"\/wp-content\/uploads\/2019\/01\/Couv_240-340.jpg\"><img decoding=\"async\" loading=\"lazy\" class=\"alignnone size-medium wp-image-3228\" src=\"\/wp-content\/uploads\/2019\/01\/Couv_240-340-212x300.jpg\" alt=\"\" width=\"212\" height=\"300\" srcset=\"\/wp-content\/uploads\/2019\/01\/Couv_240-340-212x300.jpg 212w, \/wp-content\/uploads\/2019\/01\/Couv_240-340.jpg 240w\" sizes=\"(max-width: 212px) 100vw, 212px\" \/><\/a><\/td>\n<td style=\"padding-left: 15px; vertical-align: middle;\">\n<h4><strong>Panoram@ le Mag + le Cahier Eco<br \/>\n<\/strong><\/h4>\n<h5><a title=\"Revues Panoramag\" href=\"https:\/\/institutionnel.cceaf.fr\/?page_id=1905\"><b>Voir toutes les publications<\/b><\/a><\/h5>\n<\/td>\n<\/tr>\n<\/tbody>\n<\/table>\n<div class=\"clear\"><\/div><div style=\"margin-top:10px; margin-bottom:10px;\" class=\"divider divider-normal\"><\/div>\n<table style=\"padding: 0px; margin: 0px; margin-bottom: 20px; width: 100%; border: 0px;\">\n<tbody>\n<tr>\n<td style=\"vertical-align: bottom; width: 120px; text-align: left;\"><img decoding=\"async\" loading=\"lazy\" class=\"alignnone size-full wp-image-358\" src=\"\/wp-content\/uploads\/MEDIAS\/PANORAMAG\/Rubrique_Panoramag.jpg\" alt=\"Rubrique Panoramag\" width=\"120\" height=\"170\" \/><\/td>\n<td style=\"padding-left: 15px; vertical-align: middle;\">\n<h4><strong>Panoramag<\/strong><\/h4>\n<h5><a title=\"Revues Panoramag\" href=\"https:\/\/institutionnel.cceaf.fr\/?page_id=453\"><b>Voir toutes les publications<\/b><\/a><\/h5>\n<\/td>\n<\/tr>\n<\/tbody>\n<\/table>\n<div class=\"clear\"><\/div><div style=\"margin-top:10px; margin-bottom:10px;\" class=\"divider divider-normal\"><\/div>\n<table style=\"padding: 0px; margin: 0px; margin-bottom: 20px; width: 100%; border: 0px;\">\n<tbody>\n<tr>\n<td style=\"vertical-align: bottom; width: 120px; text-align: center; padding-left: 20px; padding-rightt: 20px;\"><a href=\"\/wp-content\/uploads\/MEDIAS\/DEPLIANTS\/rubrique_depliantspatrimoine.jpg\"><img decoding=\"async\" loading=\"lazy\" class=\"alignnone size-full wp-image-372\" src=\"\/wp-content\/uploads\/MEDIAS\/DEPLIANTS\/rubrique_depliantspatrimoine.jpg\" alt=\"D\u00e9pliants du patrimoine\" width=\"100\" height=\"100\" srcset=\"\/wp-content\/uploads\/MEDIAS\/DEPLIANTS\/rubrique_depliantspatrimoine.jpg 100w, \/wp-content\/uploads\/MEDIAS\/DEPLIANTS\/rubrique_depliantspatrimoine-55x55.jpg 55w\" sizes=\"(max-width: 100px) 100vw, 100px\" \/><\/a><\/td>\n<td style=\"padding-left: 15px; vertical-align: middle;\">\n<h4><strong>D\u00e9pliants du patrimoine<\/strong><\/h4>\n<h5><a title=\"D\u00e9pliants du patrimoine\" href=\"https:\/\/institutionnel.cceaf.fr\/?page_id=380\"><b>Voir tous les d\u00e9pliants<\/b><\/a><\/h5>\n<\/td>\n<\/tr>\n<\/tbody>\n<\/table>\n<div class=\"clear\"><\/div><div style=\"margin-top:10px; margin-bottom:10px;\" class=\"divider divider-normal\"><\/div>\n<table style=\"padding: 0px; margin: 0px; margin-bottom: 20px; width: 100%; border: 0px;\">\n<tbody>\n<tr>\n<td style=\"vertical-align: bottom; width: 120px; text-align: left;\"><img decoding=\"async\" loading=\"lazy\" class=\"alignnone size-full wp-image-517\" src=\"\/wp-content\/uploads\/MEDIAS\/JOURNEES ETUDES\/rubrique_Jetude.jpg\" alt=\"(Rubrique) - Journ\u00e9es d\u2019\u00e9tude\" width=\"120\" height=\"170\" \/><\/td>\n<td style=\"padding-left: 15px; vertical-align: middle;\">\n<h4><strong>Journ\u00e9es d&rsquo;\u00e9tude<\/strong><\/h4>\n<h5><a title=\"Journ\u00e9es d\u2019Etude\" href=\"https:\/\/institutionnel.cceaf.fr\/?page_id=505\"><b>Voir toutes les publications<\/b><\/a><\/h5>\n<\/td>\n<\/tr>\n<\/tbody>\n<\/table>\n<div class=\"clear\"><\/div><div style=\"margin-top:10px; margin-bottom:10px;\" class=\"divider divider-normal\"><\/div>\n<table style=\"padding: 0px; margin: 0px; margin-bottom: 20px; width: 100%; border: 0px;\">\n<tbody>\n<tr>\n<td style=\"vertical-align: bottom; width: 120px; text-align: left;\"><img decoding=\"async\" loading=\"lazy\" class=\"alignnone size-full wp-image-578\" src=\"\/wp-content\/uploads\/MEDIAS\/ECOCIT\/ecocit_miniguide1.jpg\" alt=\"(Rubrique) - Ecocit - Mini-guide\" width=\"120\" height=\"83\" \/><\/td>\n<td style=\"padding-left: 15px; vertical-align: middle;\">\n<h4><strong>Guide Ecocit<\/strong><\/h4>\n<h5><a title=\"Guide Ecocit\" href=\"https:\/\/institutionnel.cceaf.fr\/?page_id=579\"><b>Voir toutes les publications<\/b><\/a><\/h5>\n<\/td>\n<\/tr>\n<\/tbody>\n<\/table>\n<div class=\"clear\"><\/div><div style=\"margin-top:10px; margin-bottom:10px;\" class=\"divider divider-normal\"><\/div>\n","protected":false},"excerpt":{"rendered":"<p>Retrouvez toute l\u2019actualit\u00e9 du CSEC \u00e0 travers nos diff\u00e9rents m\u00e9dias. Dans cette rubrique, t\u00e9l\u00e9chargez \u00ab\u00a0Panoram@ le Mag\u00a0\u00bb, visionnez des reportages vid\u00e9os, des photos&#8230; Panoram@ Mag Voyages Voir toutes les publications Le Mag Eco Voir toutes les publications Panoram@ le Mag + le Cahier Eco Voir toutes les publications Panoramag Voir toutes les publications D\u00e9pliants du &hellip;<\/p>\n","protected":false},"author":9,"featured_media":0,"parent":0,"menu_order":0,"comment_status":"closed","ping_status":"closed","template":"","meta":{"footnotes":""},"_links":{"self":[{"href":"https:\/\/www.csecaf.fr\/index.php?rest_route=\/wp\/v2\/pages\/164"}],"collection":[{"href":"https:\/\/www.csecaf.fr\/index.php?rest_route=\/wp\/v2\/pages"}],"about":[{"href":"https:\/\/www.csecaf.fr\/index.php?rest_route=\/wp\/v2\/types\/page"}],"author":[{"embeddable":true,"href":"https:\/\/www.csecaf.fr\/index.php?rest_route=\/wp\/v2\/users\/9"}],"replies":[{"embeddable":true,"href":"https:\/\/www.csecaf.fr\/index.php?rest_route=%2Fwp%2Fv2%2Fcomments&post=164"}],"version-history":[{"count":74,"href":"https:\/\/www.csecaf.fr\/index.php?rest_route=\/wp\/v2\/pages\/164\/revisions"}],"predecessor-version":[{"id":3955,"href":"https:\/\/www.csecaf.fr\/index.php?rest_route=\/wp\/v2\/pages\/164\/revisions\/3955"}],"wp:attachment":[{"href":"https:\/\/www.csecaf.fr\/index.php?rest_route=%2Fwp%2Fv2%2Fmedia&parent=164"}],"curies":[{"name":"wp","href":"https:\/\/api.w.org\/{rel}","templated":true}]}}