{"id":1096,"date":"2015-08-15T00:00:45","date_gmt":"2015-08-14T23:00:45","guid":{"rendered":"https:\/\/institutionnel.cceaf.fr\/?page_id=1096"},"modified":"2023-11-28T11:27:45","modified_gmt":"2023-11-28T10:27:45","slug":"les-enfants-dabord","status":"publish","type":"page","link":"https:\/\/www.csecaf.fr\/?page_id=1096","title":{"rendered":"Les enfants d&rsquo;abord"},"content":{"rendered":"<h4><strong>Tout ne s\u2019apprend pas \u00e0 l\u2019\u00e9cole<\/strong><\/h4>\n<p><strong>Depuis toujours, le CSEC a men\u00e9 une action prioritaire vers l\u2019enfance. En 1947, quatre colonies de vacances sont d\u00e9j\u00e0 ouvertes et accueillent 650 enfants. La fr\u00e9quentation ne cessera de progresser : 5 000 enfants en 1970, 6 000 en 1979 et\u00a0 jusqu&rsquo;\u00e0 12 000 dans les ann\u00e9es 2000. Un succ\u00e8s qui n\u00e9cessite une adaptation permanente, tant au niveau de la qualit\u00e9 des installations que celui de la diversification des activit\u00e9s propos\u00e9es.<\/strong><\/p>\n<h4><strong>Premier centre maternel en 1979<\/strong><\/h4>\n<p>D\u00e9but des s\u00e9jours itin\u00e9rants long-courriers en 1980, cr\u00e9ation des s\u00e9jours ski de f\u00e9vrier en 1985 ;<br \/>\nActivit\u00e9s de plein air diversifi\u00e9es, de plus en plus nombreuses : nautiques, sp\u00e9l\u00e9o, randonn\u00e9es haute montagne, sport en eaux vives, arts du spectacle, cirque pour les plus jeunes&#8230;<br \/>\nMais la priorit\u00e9 du CSEC, c\u2019est d\u2019\u00eatre attentif \u00e0 l\u2019\u00e9panouissement des enfants. Et pour concevoir leurs s\u00e9jours, il faut toujours penser \u00e0 l\u2019environnement au sein duquel ils pourront s\u2019exprimer, d\u00e9couvrir, s\u2019affirmer et grandir.<\/p>\n<p><img decoding=\"async\" loading=\"lazy\" class=\" size-full wp-image-2497 alignnone\" src=\"https:\/\/institutionnel.cceaf.fr\/wp-content\/uploads\/HISTOIRE\/Enfants-Histoire-CCE2.jpg\" alt=\"Enfants Histoire CCE2\" width=\"300\" height=\"200\" \/>\u00a0<img decoding=\"async\" loading=\"lazy\" class=\" size-full wp-image-2496 alignnone\" src=\"https:\/\/institutionnel.cceaf.fr\/wp-content\/uploads\/HISTOIRE\/Enfants-Histoire-CCE1.jpg\" alt=\"Enfants Histoire CCE1\" width=\"300\" height=\"201\" srcset=\"\/wp-content\/uploads\/HISTOIRE\/Enfants-Histoire-CCE1.jpg 300w, \/wp-content\/uploads\/HISTOIRE\/Enfants-Histoire-CCE1-110x75.jpg 110w\" sizes=\"(max-width: 300px) 100vw, 300px\" \/><\/p>\n<h4><strong>Une place pour chaque enfant<\/strong><\/h4>\n<p>\u00ab\u00a0Depuis toujours, nous favorisons l\u2019accueil des enfants ayant un handicap, dans nos centres. Pour aller au-del\u00e0 et favoriser leur int\u00e9gration le CSEC a organis\u00e9 en 2006, des journ\u00e9es d\u2019\u00e9tude sur ce th\u00e8me\u00a0\u00bb.<\/p>\n<h4><strong>L\u2019enfant au c\u0153ur de notre action<\/strong><\/h4>\n<p>C\u2019est avec le m\u00eame int\u00e9r\u00eat que le CSEC organise les loisirs de vos enfants dans ses villages de vacances. D\u00e8s le d\u00e9part, des animations sp\u00e9cifiques sont propos\u00e9es aux enfants, en plus des jeux traditionnels et \u00e0 pr\u00e9dominance sportive, des occupations manuelles et d\u2019\u00e9veil sont aussi con\u00e7ues pour que l\u2019enfant soit en contact avec la mati\u00e8re (poterie, vannerie, tissage). Suivra l\u2019ouverture des clubs enfants avec animateurs, l\u2019organisation de sorties, d\u2019activit\u00e9s sportives, de jeux, la mise \u00e0 disposition d\u2019une biblioth\u00e8que sp\u00e9cifique\u2026 Objectif : leur \u00e9panouissement personnel. En 1999, les nurserys ouvrent leurs portes et permettent ainsi aux jeunes parents de participer \u00e0 diverses activit\u00e9s, sereins quant au bien-\u00eatre de leur b\u00e9b\u00e9.<\/p>\n<p style=\"text-align: center;\">\u00a0<img decoding=\"async\" loading=\"lazy\" class=\"alignnone wp-image-2501 size-medium\" src=\"https:\/\/institutionnel.cceaf.fr\/wp-content\/uploads\/HISTOIRE\/P1010188-300x200.jpg\" alt=\"P1010188\" width=\"300\" height=\"200\" srcset=\"\/wp-content\/uploads\/HISTOIRE\/P1010188-300x200.jpg 300w, \/wp-content\/uploads\/HISTOIRE\/P1010188-1024x683.jpg 1024w, \/wp-content\/uploads\/HISTOIRE\/P1010188.jpg 1061w\" sizes=\"(max-width: 300px) 100vw, 300px\" \/> <img decoding=\"async\" loading=\"lazy\" class=\"alignnone wp-image-2502 size-medium\" src=\"https:\/\/institutionnel.cceaf.fr\/wp-content\/uploads\/HISTOIRE\/P1010033-300x200.jpg\" alt=\"P1010033\" width=\"300\" height=\"200\" srcset=\"\/wp-content\/uploads\/HISTOIRE\/P1010033-300x200.jpg 300w, \/wp-content\/uploads\/HISTOIRE\/P1010033-1024x683.jpg 1024w, \/wp-content\/uploads\/HISTOIRE\/P1010033.jpg 1080w\" sizes=\"(max-width: 300px) 100vw, 300px\" \/><\/p>\n<h4><strong>La petite enfance<\/strong><\/h4>\n<p>En r\u00e9ponse aux probl\u00e8mes de garde d\u2019enfants rencontr\u00e9s par les agents Air France qui travaillent en horaires d\u00e9cal\u00e9s, le CSEC a pour objectif de mettre en place des structures adapt\u00e9es et ouvertes au plus grand nombre.<\/p>\n<p><strong>Chaque ann\u00e9e depuis 25 ans, le CSEC r\u00e9unit tous les intervenants des s\u00e9jours jeunes : services CSEC, CSEE, directeurs des s\u00e9jours afin de maintenir une r\u00e9flexion p\u00e9dagogique de qualit\u00e9.<br \/>\n<\/strong><\/p>\n<p style=\"text-align: center;\"><img decoding=\"async\" loading=\"lazy\" class=\"alignnone wp-image-2501 size-medium\" src=\"\/wp-content\/uploads\/ACTIONS\/PETITE_ENFANCE\/Fotolia_85497325_bb2.jpg\" alt=\"Petite enfance\" width=\"300\" height=\"200\" \/>\u00a0<img decoding=\"async\" loading=\"lazy\" class=\"alignnone wp-image-2502 size-medium\" src=\"\/wp-content\/uploads\/ACTIONS\/PETITE_ENFANCE\/Fotolia_60426112_bb1.jpg\" alt=\"Petite enfance\" width=\"300\" height=\"200\" \/><\/p>\n","protected":false},"excerpt":{"rendered":"<p>Tout ne s\u2019apprend pas \u00e0 l\u2019\u00e9cole Depuis toujours, le CSEC a men\u00e9 une action prioritaire vers l\u2019enfance. En 1947, quatre colonies de vacances sont d\u00e9j\u00e0 ouvertes et accueillent 650 enfants. La fr\u00e9quentation ne cessera de progresser : 5 000 enfants en 1970, 6 000 en 1979 et\u00a0 jusqu&rsquo;\u00e0 12 000 dans les ann\u00e9es 2000. Un &hellip;<\/p>\n","protected":false},"author":9,"featured_media":1693,"parent":80,"menu_order":0,"comment_status":"closed","ping_status":"closed","template":"","meta":{"footnotes":""},"_links":{"self":[{"href":"https:\/\/www.csecaf.fr\/index.php?rest_route=\/wp\/v2\/pages\/1096"}],"collection":[{"href":"https:\/\/www.csecaf.fr\/index.php?rest_route=\/wp\/v2\/pages"}],"about":[{"href":"https:\/\/www.csecaf.fr\/index.php?rest_route=\/wp\/v2\/types\/page"}],"author":[{"embeddable":true,"href":"https:\/\/www.csecaf.fr\/index.php?rest_route=\/wp\/v2\/users\/9"}],"replies":[{"embeddable":true,"href":"https:\/\/www.csecaf.fr\/index.php?rest_route=%2Fwp%2Fv2%2Fcomments&post=1096"}],"version-history":[{"count":31,"href":"https:\/\/www.csecaf.fr\/index.php?rest_route=\/wp\/v2\/pages\/1096\/revisions"}],"predecessor-version":[{"id":5087,"href":"https:\/\/www.csecaf.fr\/index.php?rest_route=\/wp\/v2\/pages\/1096\/revisions\/5087"}],"up":[{"embeddable":true,"href":"https:\/\/www.csecaf.fr\/index.php?rest_route=\/wp\/v2\/pages\/80"}],"wp:featuredmedia":[{"embeddable":true,"href":"https:\/\/www.csecaf.fr\/index.php?rest_route=\/wp\/v2\/media\/1693"}],"wp:attachment":[{"href":"https:\/\/www.csecaf.fr\/index.php?rest_route=%2Fwp%2Fv2%2Fmedia&parent=1096"}],"curies":[{"name":"wp","href":"https:\/\/api.w.org\/{rel}","templated":true}]}}