{"id":1090,"date":"2015-08-15T00:00:09","date_gmt":"2015-08-14T23:00:09","guid":{"rendered":"https:\/\/institutionnel.cceaf.fr\/?page_id=1090"},"modified":"2023-11-28T10:07:08","modified_gmt":"2023-11-28T09:07:08","slug":"la-creation-du-cce","status":"publish","type":"page","link":"https:\/\/www.csecaf.fr\/?page_id=1090","title":{"rendered":"La cr\u00e9ation du CSEC"},"content":{"rendered":"<p><strong>D\u00e8s 1943, le Conseil National de la R\u00e9sistance (CNR) pr\u00e9conise la constitution d\u2019un comit\u00e9 d\u2019entreprise dans chaque \u00e9tablissement. Leur mission consiste \u00e0 contr\u00f4ler l\u2019application de la l\u00e9gislation sociale, des mesures de s\u00e9curit\u00e9 et d\u2019hygi\u00e8ne et \u00e0 se pr\u00e9occuper des m\u00e9thodes de travail, de la marche g\u00e9n\u00e9rale de l\u2019entreprise et de l\u2019organisation des loisirs du personnel. Il faudra n\u00e9anmoins attendre le 16 mai 1946 pour qu\u2019une loi soit vot\u00e9e. Au cours d\u2019une session inaugurale les 20, 21 et 29 mai 1946, les CE d\u2019Air France cr\u00e9\u00e9s juste apr\u00e8s la guerre d\u00e9cident de se regrouper en un comit\u00e9 d\u2019entreprise. Le CCE Air France est n\u00e9. Les ordonnances de 2017 et la loi de ratification du 29 mars 2018 modifient profond\u00e9ment le cadre l\u00e9gislatif des institutions repr\u00e9sentatives du personnel en cr\u00e9ant le comit\u00e9 social et \u00e9conomique (CSE) en remplacement des CE.<br \/>\n<\/strong><\/p>\n<h4><strong>Premiers pas vers la reconstruction<\/strong><\/h4>\n<p>\u00c0 la fin de la guerre, tout est \u00e0 refaire. L\u2019action syndicale se mobilise et soutient l\u2019effort national gigantesque.<br \/>\n\u00c0 Air France, les CE et le CCE rejoignent le mouvement en cr\u00e9ant : des cantines d\u2019entreprise en r\u00e9ponse au rationnement alimentaire ; une caisse de secours afin de venir en aide aux ouvriers malades ; une maison de repos \u00e0 Mios pour les hommes et une autre \u00e0 Torcy pour les femmes ; les premi\u00e8res colonies de vacances pour sortir les enfants de la trag\u00e9die de la guerre. Ces derniers demeurent au c\u0153ur de l\u2019action du CCE. Non seulement celui-ci met en place des structures adapt\u00e9es en r\u00e9ponse aux horaires d\u00e9cal\u00e9s des agents Air France, mais il organise d\u00e9sormais des loisirs dans ses villages de vacances. L\u00e0, une v\u00e9ritable politique p\u00e9dagogique est pratiqu\u00e9e ayant pour objectif l\u2019\u00e9panouissement personnel des enfants (cf petite enfance).<\/p>\n<h4><strong>Vers une action socio-\u00e9conomique et culturelle \u00e9nergique<\/strong><\/h4>\n<p>D\u00e8s les ann\u00e9es 60, au-del\u00e0 du d\u00e9sir de venir en aide de fa\u00e7on concr\u00e8te aux salari\u00e9s d\u2019Air France, l\u2019action du CCE s\u2019oriente vers une d\u00e9mocratisation de la culture et la promotion de la classe ouvri\u00e8re. Musique, litt\u00e9rature, th\u00e9\u00e2tre et peinture font leur entr\u00e9e dans les usines et les bureaux.<\/p>\n<p>En 1982, les missions s\u2019\u00e9tendent encore. Le CCE peut donner son avis et recourir \u00e0 des experts pour toutes les questions d\u2019ordre \u00e9conomique. Fusions, filialisations, r\u00e9organisation de l\u2019entreprise, d\u00e9m\u00e9nagements : tous les th\u00e8mes sont d\u00e9sormais d\u00e9battus, combattus, accept\u00e9s ou refus\u00e9s. Les \u00e9lus au CCE r\u00e9pondent aux probl\u00e9matiques complexes d\u2019apr\u00e8s-guerre, tout en gardant \u00e0 l\u2019esprit ses principales missions : accompagner les agents Air France, pr\u00e9server les emplois, am\u00e9liorer les conditions de travail et sauvegarder les acquis. Des pr\u00e9occupations auxquelles le Bureau continue de faire face.<\/p>\n<h4><strong>Informer les personnels<\/strong><\/h4>\n<p>L\u2019ann\u00e9e 1956 voit le d\u00e9but de la parution r\u00e9guli\u00e8re d\u2019un bulletin d\u2019information et d\u2019expression du personnel. Suite \u00e0 un jeu-concours aupr\u00e8s des lecteurs en 1958, cet outil d\u2019information est baptis\u00e9 \u201cPanorama\u201d. Unique magazine, il regroupe au d\u00e9part des informations de toutes natures (\u00e9conomiques, sociales, actualit\u00e9s de la Compagnie&#8230;) pour devenir par la suite la revue des s\u00e9jours propos\u00e9s par le CSEC AF. En 2015, le CSEC AF prend le virage num\u00e9rique : toutes les informations \u00e9conomiques et sociales se trouvent sur Panoram@. Les agents peuvent d\u00e9sormais y retrouver l&rsquo;ensemble des offres de vacances (Adultes &amp; Jeunes) ainsi que des informations pratiques. Parall\u00e8lement, les agents AF sont inform\u00e9s via des newsletters et sur les autres canaux de communication du CSEC AF (Facebook, X (ex twitter), Instagram, Youtube et Tik Tok). Pour un acc\u00e8s facile et adapt\u00e9 aux besoins de tous, le CSEC AF a lanc\u00e9 son application Panoram@ en 2016.<\/p>\n","protected":false},"excerpt":{"rendered":"<p>D\u00e8s 1943, le Conseil National de la R\u00e9sistance (CNR) pr\u00e9conise la constitution d\u2019un comit\u00e9 d\u2019entreprise dans chaque \u00e9tablissement. Leur mission consiste \u00e0 contr\u00f4ler l\u2019application de la l\u00e9gislation sociale, des mesures de s\u00e9curit\u00e9 et d\u2019hygi\u00e8ne et \u00e0 se pr\u00e9occuper des m\u00e9thodes de travail, de la marche g\u00e9n\u00e9rale de l\u2019entreprise et de l\u2019organisation des loisirs du personnel. &hellip;<\/p>\n","protected":false},"author":9,"featured_media":1668,"parent":80,"menu_order":0,"comment_status":"closed","ping_status":"closed","template":"","meta":{"footnotes":""},"_links":{"self":[{"href":"https:\/\/www.csecaf.fr\/index.php?rest_route=\/wp\/v2\/pages\/1090"}],"collection":[{"href":"https:\/\/www.csecaf.fr\/index.php?rest_route=\/wp\/v2\/pages"}],"about":[{"href":"https:\/\/www.csecaf.fr\/index.php?rest_route=\/wp\/v2\/types\/page"}],"author":[{"embeddable":true,"href":"https:\/\/www.csecaf.fr\/index.php?rest_route=\/wp\/v2\/users\/9"}],"replies":[{"embeddable":true,"href":"https:\/\/www.csecaf.fr\/index.php?rest_route=%2Fwp%2Fv2%2Fcomments&post=1090"}],"version-history":[{"count":20,"href":"https:\/\/www.csecaf.fr\/index.php?rest_route=\/wp\/v2\/pages\/1090\/revisions"}],"predecessor-version":[{"id":5079,"href":"https:\/\/www.csecaf.fr\/index.php?rest_route=\/wp\/v2\/pages\/1090\/revisions\/5079"}],"up":[{"embeddable":true,"href":"https:\/\/www.csecaf.fr\/index.php?rest_route=\/wp\/v2\/pages\/80"}],"wp:featuredmedia":[{"embeddable":true,"href":"https:\/\/www.csecaf.fr\/index.php?rest_route=\/wp\/v2\/media\/1668"}],"wp:attachment":[{"href":"https:\/\/www.csecaf.fr\/index.php?rest_route=%2Fwp%2Fv2%2Fmedia&parent=1090"}],"curies":[{"name":"wp","href":"https:\/\/api.w.org\/{rel}","templated":true}]}}